{"id":25,"date":"2014-03-03T09:15:12","date_gmt":"2014-03-03T09:15:12","guid":{"rendered":"http:\/\/www.autismomalaga.org\/wordpress\/?page_id=25"},"modified":"2025-03-27T18:35:40","modified_gmt":"2025-03-27T17:35:40","slug":"nosotros","status":"publish","type":"page","link":"https:\/\/www.autismomalaga.org\/web\/?page_id=25","title":{"rendered":"Nosotros"},"content":{"rendered":"\n<h1 style=\"text-align: center;\"><span style=\"color: #33cccc;\"><strong>Autismo M\u00e1laga<\/strong><\/span><\/h1>\n\n\n\n<figure class=\"wp-block-image alignleft is-resized\"><img loading=\"lazy\" decoding=\"async\" width=\"531\" height=\"530\" src=\"https:\/\/www.autismomalaga.org\/web\/wp-content\/uploads\/2025\/03\/Captura-de-pantalla-2025-03-27-001935-2.png\" alt=\"\" class=\"wp-image-24897\" style=\"width:272px;height:auto\" srcset=\"https:\/\/www.autismomalaga.org\/web\/wp-content\/uploads\/2025\/03\/Captura-de-pantalla-2025-03-27-001935-2.png 531w, https:\/\/www.autismomalaga.org\/web\/wp-content\/uploads\/2025\/03\/Captura-de-pantalla-2025-03-27-001935-2-300x300.png 300w, https:\/\/www.autismomalaga.org\/web\/wp-content\/uploads\/2025\/03\/Captura-de-pantalla-2025-03-27-001935-2-150x150.png 150w\" sizes=\"auto, (max-width: 531px) 100vw, 531px\" \/><\/figure>\n\n\n\n<div class=\"wp-block-media-text is-stacked-on-mobile\" style=\"border-style: none; border-width: 0px; border-radius: 0px; grid-template-columns: 36% auto; margin: 0;\">\n<figure class=\"wp-block-media-text__media\"><\/figure>\n<div class=\"wp-block-media-text__content\">&nbsp;<\/div>\n<\/div>\n\n\n<h3><strong>Tenemos el compromiso de ofrecer la m\u00e1xima calidad en nuestros programas y en sus servicios.<\/strong><\/h3>\n\n\n<p><\/p>\n\n\n\n<p><\/p>\n\n\n\n<p><\/p>\n\n\n\n<p>La Asociaci\u00f3n \u00abAutismo M\u00e1laga\u00bb aspira a un nivel de excelencia en el sector de la discapacidad, por ello tiene el compromiso de ofrecer calidad en sus programas y en sus servicios para que satisfagan las necesidades y expectativas de todos los grupos de inter\u00e9s. El objetivo de esta Asociaci\u00f3n no es otro que mejorar la calidad de vida de las personas con Trastorno del Espectro del Autismo y sus familias mediante los apoyos necesarios, siempre que la situaci\u00f3n econ\u00f3mica lo permita, atendiendo as\u00ed todas sus demandas y necesidades que van surgiendo a lo largo de su ciclo vital.<\/p>\n\n\n\n<p><\/p>\n\n\n\n<p><\/p>\n\n\n\n<p><\/p>\n\n\n\n<p><\/p>\n\n\n\n<p><\/p>\n\n\n\n<p><\/p>\n\n\n\n<p><\/p>\n\n\n\n<p>&nbsp;<\/p>\n\n\n\n<hr>\n\n\n\n<h1 style=\"text-align: center;\"><span style=\"color: #33cccc;\"><strong>Nuestros Valores<\/strong><\/span><\/h1>\n\n\n\n<div style=\"display: grid; grid-template-columns: repeat(auto-fill, minmax(250px, 1fr)); gap: 20px; padding: 20px; justify-items: center;\">\n<div style=\"background-color: #f9f9f9; border-radius: 8px; padding: 20px; box-shadow: 0 2px 4px rgba(0, 0, 0, 0.1); text-align: center;\">\n<h3 style=\"font-size: 20px; font-weight: bold; color: #333; margin-bottom: 10px;\"><span style=\"color: #33cccc;\">Transparencia<\/span><\/h3>\n<p style=\"font-size: 16px; color: #555;\">Mantener la credibilidad ante todos los grupos de inter\u00e9s garantizando el acceso a la informaci\u00f3n.<\/p>\n<\/div>\n<div style=\"background-color: #f9f9f9; border-radius: 8px; padding: 20px; box-shadow: 0 2px 4px rgba(0, 0, 0, 0.1); text-align: center;\">\n<h3 style=\"font-size: 20px; font-weight: bold; color: #333; margin-bottom: 10px;\"><span style=\"color: #33cccc;\">Innovaci\u00f3n<\/span><\/h3>\n<p style=\"font-size: 16px; color: #555;\">Af\u00e1n de mejora, proponer cambios continuos para que nuestros procesos sean m\u00e1s eficaces con el paso del tiempo.<\/p>\n<\/div>\n<div style=\"background-color: #f9f9f9; border-radius: 8px; padding: 20px; box-shadow: 0 2px 4px rgba(0, 0, 0, 0.1); text-align: center;\">\n<h3 style=\"font-size: 20px; font-weight: bold; color: #333; margin-bottom: 10px;\"><span style=\"color: #33cccc;\">Confidencialidad<\/span><\/h3>\n<p style=\"font-size: 16px; color: #555;\">Es una propiedad de la informaci\u00f3n mediante la cual se garantizar\u00e1 el acceso a la misma solo a personas autorizadas.<\/p>\n<\/div>\n<div style=\"background-color: #f9f9f9; border-radius: 8px; padding: 20px; box-shadow: 0 2px 4px rgba(0, 0, 0, 0.1); text-align: center;\">\n<h3 style=\"font-size: 20px; font-weight: bold; color: #333; margin-bottom: 10px;\"><span style=\"color: #33cccc;\">Trabajo en equipo<\/span><\/h3>\n<p style=\"font-size: 16px; color: #555;\">Implicaci\u00f3n de un grupo de profesionales en la consecuci\u00f3n de una tarea de forma consensuada entre profesionales de una misma Entidad y\/o varias.<\/p>\n<\/div>\n<div style=\"background-color: #f9f9f9; border-radius: 8px; padding: 20px; box-shadow: 0 2px 4px rgba(0, 0, 0, 0.1); text-align: center;\">\n<h3 style=\"font-size: 20px; font-weight: bold; color: #333; margin-bottom: 10px;\"><span style=\"color: #33cccc;\">Responsabilidad<\/span><\/h3>\n<p style=\"font-size: 16px; color: #555;\">Capacidad de las personas de prever, conocer y aceptar las consecuencias de sus actos: ser conscientes de las propias obligaciones y estar dispuesto a obrar en consecuencia.<\/p>\n<\/div>\n<div style=\"background-color: #f9f9f9; border-radius: 8px; padding: 20px; box-shadow: 0 2px 4px rgba(0, 0, 0, 0.1); text-align: center;\">\n<h3 style=\"font-size: 20px; font-weight: bold; color: #333; margin-bottom: 10px;\"><span style=\"color: #33cccc;\">Cumplimiento<\/span><\/h3>\n<p style=\"font-size: 16px; color: #555;\">Velar por los derechos de todas las personas que forman parte de la Entidad, haciendo especial hincapi\u00e9 en la carta de derechos de las personas con autismo.<\/p>\n<\/div>\n<div style=\"background-color: #f9f9f9; border-radius: 8px; padding: 20px; box-shadow: 0 2px 4px rgba(0, 0, 0, 0.1); text-align: center;\">\n<h3 style=\"font-size: 20px; font-weight: bold; color: #333; margin-bottom: 10px;\"><span style=\"color: #33cccc;\">Coherencia<\/span><\/h3>\n<p style=\"font-size: 16px; color: #555;\">Es la correcta conducta que debemos mantener en todo momento, basada en los principios establecidos por la Entidad.<\/p>\n<\/div>\n<div style=\"background-color: #f9f9f9; border-radius: 8px; padding: 20px; box-shadow: 0 2px 4px rgba(0, 0, 0, 0.1); text-align: center;\">\n<h3 style=\"font-size: 20px; font-weight: bold; color: #333; margin-bottom: 10px;\"><span style=\"color: #33cccc;\">Eficacia y eficiencia<\/span><\/h3>\n<p style=\"font-size: 16px; color: #555555;\">Optimizar los recursos de los que dispone la Entidad. M\u00e1ximo rendimiento al menor coste posible.<\/p>\n<\/div>\n<div style=\"background-color: #f9f9f9; border-radius: 8px; padding: 20px; box-shadow: 0 2px 4px rgba(0, 0, 0, 0.1); text-align: center;\">\n<h3 style=\"font-size: 20px; font-weight: bold; color: #333333; margin-bottom: 10px;\"><span style=\"color: #33cccc;\">Solidaridad<\/span><\/h3>\n<p style=\"font-size: 16px; color: #555555;\">Colaboraci\u00f3n mutua en la personas, sentimiento que mantiene a las personas unidas en todo momento.<\/p>\n<\/div>\n<\/div>\n<p>&nbsp;<\/p>\n\n\n\n<hr>\n\n\n\n<div style=\"display: flex; align-items: flex-start; padding: 20px;\">\n<div style=\"flex: 1; text-align: left; padding-right: 20px;\">\n<h3 style=\"font-size: 20px; font-weight: bold; color: #333;\">VISION<\/h3>\n<p style=\"font-size: 16px; color: #555;\">Ser una organizaci\u00f3n de referencia en el \u00e1mbito del Trastorno del Espectro del Autismo.<\/p>\n<\/div>\n<div style=\"flex: 1; text-align: left; padding-left: 20px;\">\n<h3 style=\"font-size: 20px; font-weight: bold; color: #333;\">MISI\u00d3N<\/h3>\n<p style=\"font-size: 16px; color: #555;\">Mejorar la calidad de vida de las personas con Trastorno del Espectro del Autismo y sus familias mediante los apoyos necesarios.<\/p>\n<\/div>\n<\/div>\n<hr>\n<p>&nbsp;<\/p>\n\n\n\n<figure class=\"wp-block-image size-large is-resized\"><a href=\"https:\/\/www.autismomalaga.org\/web\/wp-content\/uploads\/2025\/03\/LOGO-AUTISMO-MALAGA-19.png\"><img loading=\"lazy\" decoding=\"async\" width=\"1024\" height=\"923\" src=\"https:\/\/www.autismomalaga.org\/web\/wp-content\/uploads\/2025\/03\/LOGO-AUTISMO-MALAGA-19-1024x923.png\" alt=\"\" class=\"wp-image-24917\" style=\"width:79px;height:auto\" srcset=\"https:\/\/www.autismomalaga.org\/web\/wp-content\/uploads\/2025\/03\/LOGO-AUTISMO-MALAGA-19-1024x923.png 1024w, https:\/\/www.autismomalaga.org\/web\/wp-content\/uploads\/2025\/03\/LOGO-AUTISMO-MALAGA-19-300x271.png 300w, https:\/\/www.autismomalaga.org\/web\/wp-content\/uploads\/2025\/03\/LOGO-AUTISMO-MALAGA-19-768x692.png 768w, https:\/\/www.autismomalaga.org\/web\/wp-content\/uploads\/2025\/03\/LOGO-AUTISMO-MALAGA-19.png 1373w\" sizes=\"auto, (max-width: 1024px) 100vw, 1024px\" \/><\/a><\/figure>\n\n\n\n<div style=\"display: flex; align-items: center; justify-content: space-between; width: 100%; padding: 20px; box-sizing: border-box;\">\n<div style=\"flex: 1; margin: 0 20px;\">\n<p style=\"margin: 0; font-size: 16px;\">Mejoramos la calidad de vida de las personas con Trastorno del Espectro del Autismo.<\/p>\n<\/div>\n<div style=\"flex: 1; margin: 0 20px;\">\n<p><strong>Centro Pinares<\/strong><br>Avda. Hern\u00e1n N\u00fa\u00f1ez de Toledo n\u00b01<br>CP: 29017. M\u00e1laga<br>TIf. 952 296 404<br>direccioncentropinares@gmail.com<\/p>\n<\/div>\n<div style=\"flex: 1; margin: 0 20px;\">\n<p><strong>Centro Quinta Alegre<\/strong><br>C\/ Juan Franc\u00e9s Bosca n\u00b011<br>CP: 29010, M\u00e1laga<br>TIf. 952 285 954<br>sedesocialautismomalaga@gmail.com<\/p>\n<\/div>\n<\/div>\n<p style=\"padding: 20px;\">Copyright \u00a9 2024 Autismo M\u00e1laga.<\/p>\n<p>&nbsp;<\/p>\n\n\n\n<p><\/p>\n","protected":false},"excerpt":{"rendered":"<p>Autismo M\u00e1laga &nbsp; Tenemos el compromiso de ofrecer la m\u00e1xima calidad en nuestros programas y en sus servicios. La Asociaci\u00f3n \u00abAutismo M\u00e1laga\u00bb aspira a un nivel de excelencia en el [&hellip;]<\/p>\n","protected":false},"author":1,"featured_media":0,"parent":0,"menu_order":0,"comment_status":"open","ping_status":"open","template":"","meta":{"give_campaign_id":0,"ngg_post_thumbnail":0,"_EventAllDay":false,"_EventTimezone":"","_EventStartDate":"","_EventEndDate":"","_EventStartDateUTC":"","_EventEndDateUTC":"","_EventShowMap":false,"_EventShowMapLink":false,"_EventURL":"","_EventCost":"","_EventCostDescription":"","_EventCurrencySymbol":"","_EventCurrencyCode":"","_EventCurrencyPosition":"","_EventDateTimeSeparator":"","_EventTimeRangeSeparator":"","_EventOrganizerID":[],"_EventVenueID":[],"_OrganizerEmail":"","_OrganizerPhone":"","_OrganizerWebsite":"","_VenueAddress":"","_VenueCity":"","_VenueCountry":"","_VenueProvince":"","_VenueState":"","_VenueZip":"","_VenuePhone":"","_VenueURL":"","_VenueStateProvince":"","_VenueLat":"","_VenueLng":"","_VenueShowMap":false,"_VenueShowMapLink":false,"footnotes":""},"class_list":["post-25","page","type-page","status-publish","hentry"],"campaignId":"","jetpack_sharing_enabled":true,"_links":{"self":[{"href":"https:\/\/www.autismomalaga.org\/web\/index.php?rest_route=\/wp\/v2\/pages\/25","targetHints":{"allow":["GET"]}}],"collection":[{"href":"https:\/\/www.autismomalaga.org\/web\/index.php?rest_route=\/wp\/v2\/pages"}],"about":[{"href":"https:\/\/www.autismomalaga.org\/web\/index.php?rest_route=\/wp\/v2\/types\/page"}],"author":[{"embeddable":true,"href":"https:\/\/www.autismomalaga.org\/web\/index.php?rest_route=\/wp\/v2\/users\/1"}],"replies":[{"embeddable":true,"href":"https:\/\/www.autismomalaga.org\/web\/index.php?rest_route=%2Fwp%2Fv2%2Fcomments&post=25"}],"version-history":[{"count":69,"href":"https:\/\/www.autismomalaga.org\/web\/index.php?rest_route=\/wp\/v2\/pages\/25\/revisions"}],"predecessor-version":[{"id":24919,"href":"https:\/\/www.autismomalaga.org\/web\/index.php?rest_route=\/wp\/v2\/pages\/25\/revisions\/24919"}],"wp:attachment":[{"href":"https:\/\/www.autismomalaga.org\/web\/index.php?rest_route=%2Fwp%2Fv2%2Fmedia&parent=25"}],"curies":[{"name":"wp","href":"https:\/\/api.w.org\/{rel}","templated":true}]}}

<h1 style="text-align: center;"><span style="color: #33cccc;"><strong>Autismo Málaga</strong></span></h1>



<figure class="wp-block-image alignleft is-resized"><img loading="lazy" decoding="async" width="531" height="530" src="https://www.autismomalaga.org/web/wp-content/uploads/2025/03/Captura-de-pantalla-2025-03-27-001935-2.png" alt="" class="wp-image-24897" style="width:272px;height:auto" srcset="https://www.autismomalaga.org/web/wp-content/uploads/2025/03/Captura-de-pantalla-2025-03-27-001935-2.png 531w, https://www.autismomalaga.org/web/wp-content/uploads/2025/03/Captura-de-pantalla-2025-03-27-001935-2-300x300.png 300w, https://www.autismomalaga.org/web/wp-content/uploads/2025/03/Captura-de-pantalla-2025-03-27-001935-2-150x150.png 150w" sizes="auto, (max-width: 531px) 100vw, 531px" /></figure>



<div class="wp-block-media-text is-stacked-on-mobile" style="border-style: none; border-width: 0px; border-radius: 0px; grid-template-columns: 36% auto; margin: 0;">
<figure class="wp-block-media-text__media"></figure>
<div class="wp-block-media-text__content">&nbsp;</div>
</div>


<h3><strong>Tenemos el compromiso de ofrecer la máxima calidad en nuestros programas y en sus servicios.</strong></h3>


<p></p>



<p></p>



<p></p>



<p>La Asociación «Autismo Málaga» aspira a un nivel de excelencia en el sector de la discapacidad, por ello tiene el compromiso de ofrecer calidad en sus programas y en sus servicios para que satisfagan las necesidades y expectativas de todos los grupos de interés. El objetivo de esta Asociación no es otro que mejorar la calidad de vida de las personas con Trastorno del Espectro del Autismo y sus familias mediante los apoyos necesarios, siempre que la situación económica lo permita, atendiendo así todas sus demandas y necesidades que van surgiendo a lo largo de su ciclo vital.</p>



<p></p>



<p></p>



<p></p>



<p></p>



<p></p>



<p></p>



<p></p>



<p>&nbsp;</p>



<hr>



<h1 style="text-align: center;"><span style="color: #33cccc;"><strong>Nuestros Valores</strong></span></h1>



<div style="display: grid; grid-template-columns: repeat(auto-fill, minmax(250px, 1fr)); gap: 20px; padding: 20px; justify-items: center;">
<div style="background-color: #f9f9f9; border-radius: 8px; padding: 20px; box-shadow: 0 2px 4px rgba(0, 0, 0, 0.1); text-align: center;">
<h3 style="font-size: 20px; font-weight: bold; color: #333; margin-bottom: 10px;"><span style="color: #33cccc;">Transparencia</span></h3>
<p style="font-size: 16px; color: #555;">Mantener la credibilidad ante todos los grupos de interés garantizando el acceso a la información.</p>
</div>
<div style="background-color: #f9f9f9; border-radius: 8px; padding: 20px; box-shadow: 0 2px 4px rgba(0, 0, 0, 0.1); text-align: center;">
<h3 style="font-size: 20px; font-weight: bold; color: #333; margin-bottom: 10px;"><span style="color: #33cccc;">Innovación</span></h3>
<p style="font-size: 16px; color: #555;">Afán de mejora, proponer cambios continuos para que nuestros procesos sean más eficaces con el paso del tiempo.</p>
</div>
<div style="background-color: #f9f9f9; border-radius: 8px; padding: 20px; box-shadow: 0 2px 4px rgba(0, 0, 0, 0.1); text-align: center;">
<h3 style="font-size: 20px; font-weight: bold; color: #333; margin-bottom: 10px;"><span style="color: #33cccc;">Confidencialidad</span></h3>
<p style="font-size: 16px; color: #555;">Es una propiedad de la información mediante la cual se garantizará el acceso a la misma solo a personas autorizadas.</p>
</div>
<div style="background-color: #f9f9f9; border-radius: 8px; padding: 20px; box-shadow: 0 2px 4px rgba(0, 0, 0, 0.1); text-align: center;">
<h3 style="font-size: 20px; font-weight: bold; color: #333; margin-bottom: 10px;"><span style="color: #33cccc;">Trabajo en equipo</span></h3>
<p style="font-size: 16px; color: #555;">Implicación de un grupo de profesionales en la consecución de una tarea de forma consensuada entre profesionales de una misma Entidad y/o varias.</p>
</div>
<div style="background-color: #f9f9f9; border-radius: 8px; padding: 20px; box-shadow: 0 2px 4px rgba(0, 0, 0, 0.1); text-align: center;">
<h3 style="font-size: 20px; font-weight: bold; color: #333; margin-bottom: 10px;"><span style="color: #33cccc;">Responsabilidad</span></h3>
<p style="font-size: 16px; color: #555;">Capacidad de las personas de prever, conocer y aceptar las consecuencias de sus actos: ser conscientes de las propias obligaciones y estar dispuesto a obrar en consecuencia.</p>
</div>
<div style="background-color: #f9f9f9; border-radius: 8px; padding: 20px; box-shadow: 0 2px 4px rgba(0, 0, 0, 0.1); text-align: center;">
<h3 style="font-size: 20px; font-weight: bold; color: #333; margin-bottom: 10px;"><span style="color: #33cccc;">Cumplimiento</span></h3>
<p style="font-size: 16px; color: #555;">Velar por los derechos de todas las personas que forman parte de la Entidad, haciendo especial hincapié en la carta de derechos de las personas con autismo.</p>
</div>
<div style="background-color: #f9f9f9; border-radius: 8px; padding: 20px; box-shadow: 0 2px 4px rgba(0, 0, 0, 0.1); text-align: center;">
<h3 style="font-size: 20px; font-weight: bold; color: #333; margin-bottom: 10px;"><span style="color: #33cccc;">Coherencia</span></h3>
<p style="font-size: 16px; color: #555;">Es la correcta conducta que debemos mantener en todo momento, basada en los principios establecidos por la Entidad.</p>
</div>
<div style="background-color: #f9f9f9; border-radius: 8px; padding: 20px; box-shadow: 0 2px 4px rgba(0, 0, 0, 0.1); text-align: center;">
<h3 style="font-size: 20px; font-weight: bold; color: #333; margin-bottom: 10px;"><span style="color: #33cccc;">Eficacia y eficiencia</span></h3>
<p style="font-size: 16px; color: #555555;">Optimizar los recursos de los que dispone la Entidad. Máximo rendimiento al menor coste posible.</p>
</div>
<div style="background-color: #f9f9f9; border-radius: 8px; padding: 20px; box-shadow: 0 2px 4px rgba(0, 0, 0, 0.1); text-align: center;">
<h3 style="font-size: 20px; font-weight: bold; color: #333333; margin-bottom: 10px;"><span style="color: #33cccc;">Solidaridad</span></h3>
<p style="font-size: 16px; color: #555555;">Colaboración mutua en la personas, sentimiento que mantiene a las personas unidas en todo momento.</p>
</div>
</div>
<p>&nbsp;</p>



<hr>



<div style="display: flex; align-items: flex-start; padding: 20px;">
<div style="flex: 1; text-align: left; padding-right: 20px;">
<h3 style="font-size: 20px; font-weight: bold; color: #333;">VISION</h3>
<p style="font-size: 16px; color: #555;">Ser una organización de referencia en el ámbito del Trastorno del Espectro del Autismo.</p>
</div>
<div style="flex: 1; text-align: left; padding-left: 20px;">
<h3 style="font-size: 20px; font-weight: bold; color: #333;">MISIÓN</h3>
<p style="font-size: 16px; color: #555;">Mejorar la calidad de vida de las personas con Trastorno del Espectro del Autismo y sus familias mediante los apoyos necesarios.</p>
</div>
</div>
<hr>
<p>&nbsp;</p>



<figure class="wp-block-image size-large is-resized"><a href="https://www.autismomalaga.org/web/wp-content/uploads/2025/03/LOGO-AUTISMO-MALAGA-19.png"><img loading="lazy" decoding="async" width="1024" height="923" src="https://www.autismomalaga.org/web/wp-content/uploads/2025/03/LOGO-AUTISMO-MALAGA-19-1024x923.png" alt="" class="wp-image-24917" style="width:79px;height:auto" srcset="https://www.autismomalaga.org/web/wp-content/uploads/2025/03/LOGO-AUTISMO-MALAGA-19-1024x923.png 1024w, https://www.autismomalaga.org/web/wp-content/uploads/2025/03/LOGO-AUTISMO-MALAGA-19-300x271.png 300w, https://www.autismomalaga.org/web/wp-content/uploads/2025/03/LOGO-AUTISMO-MALAGA-19-768x692.png 768w, https://www.autismomalaga.org/web/wp-content/uploads/2025/03/LOGO-AUTISMO-MALAGA-19.png 1373w" sizes="auto, (max-width: 1024px) 100vw, 1024px" /></a></figure>



<div style="display: flex; align-items: center; justify-content: space-between; width: 100%; padding: 20px; box-sizing: border-box;">
<div style="flex: 1; margin: 0 20px;">
<p style="margin: 0; font-size: 16px;">Mejoramos la calidad de vida de las personas con Trastorno del Espectro del Autismo.</p>
</div>
<div style="flex: 1; margin: 0 20px;">
<p><strong>Centro Pinares</strong><br>Avda. Hernán Núñez de Toledo n°1<br>CP: 29017. Málaga<br>TIf. 952 296 404<br>direccioncentropinares@gmail.com</p>
</div>
<div style="flex: 1; margin: 0 20px;">
<p><strong>Centro Quinta Alegre</strong><br>C/ Juan Francés Bosca n°11<br>CP: 29010, Málaga<br>TIf. 952 285 954<br>sedesocialautismomalaga@gmail.com</p>
</div>
</div>
<p style="padding: 20px;">Copyright © 2024 Autismo Málaga.</p>
<p>&nbsp;</p>



<p></p>

<p>Autismo Málaga &nbsp; Tenemos el compromiso de ofrecer la máxima calidad en nuestros programas y en sus servicios. La Asociación «Autismo Málaga» aspira a un nivel de excelencia en el [&hellip;]</p>
