{"id":25046,"date":"2025-05-09T13:56:26","date_gmt":"2025-05-09T12:56:26","guid":{"rendered":"https:\/\/www.autismomalaga.org\/web\/?page_id=25046"},"modified":"2025-05-09T14:36:57","modified_gmt":"2025-05-09T13:36:57","slug":"aviso-legal","status":"publish","type":"page","link":"https:\/\/www.autismomalaga.org\/web\/?page_id=25046","title":{"rendered":""},"content":{"rendered":"\n<pre><span style=\"color: #3366ff;\"><strong>Asociaci\u00f3n Autismo M\u00e1laga<\/strong>  &nbsp; &nbsp; &nbsp; &nbsp; &nbsp; &nbsp; &nbsp; &nbsp; &nbsp; &nbsp; &nbsp; &nbsp; &nbsp; &nbsp; &nbsp; &nbsp; &nbsp; &nbsp; &nbsp; &nbsp; &nbsp; &nbsp; &nbsp; &nbsp; &nbsp;  <strong>PRO<\/strong>DAT<\/span><br><strong>Aviso Legal para la Web                                                       <\/strong>L\u00edderes en proteci\u00f3n de datos<strong><br><\/strong>SIGPAC\u00ae - Ref. DOC3699 v.2501 Gen. 10-12-2024<strong><br><\/strong><\/pre>\n\n\n\n<h1 style=\"text-align: center;\">AVISO LEGAL<\/h1>\n\n\n\n<h4><span style=\"color: #3366ff;\"><strong>1 &#8211; Introducci\u00f3n:<\/strong><\/span><\/h4>\n<p><br><span style=\"color: #000000;\">Este documento regula las normas de uso de <strong>https:\/\/http:\/\/www.autismomalaga.org<\/strong> (en adelante el \u00abSitio\u00bb), incluyendo todos los<\/span><br><span style=\"color: #000000;\">contenidos del dominio y sus subdominios.<\/span><br><span style=\"color: #000000;\">Al usar el Sitio, te conviertes en Usuario, y aceptas las condiciones legales. Puedes leer en cualquier momento la web y los avisos; y<\/span><br><span style=\"color: #000000;\">recuerda que pueden sufrir modificaciones.<\/span><\/p>\n<h4><br><strong><span style=\"color: #3366ff;\">2 &#8211; Titularidad del Sitio Web:<\/span><\/strong><\/h4>\n<p><br><span style=\"color: #000000;\"><strong>Titular del Sitio:<\/strong> Asociaci\u00f3n Autismo M\u00e1laga <strong>CIF<\/strong>: G29622362.<\/span><br><span style=\"color: #000000;\"><strong>Direcci\u00f3n:<\/strong> Calle Juan Franc\u00e9s Bosca 11, C.P. 29010, de M\u00e1laga.<\/span><br><span style=\"color: #000000;\"><strong>Tel\u00e9fono:<\/strong> 952285954 <\/span><span style=\"color: #000000;\"><strong>Mail:<\/strong> Sedesocialautismomalaga@gmail.com<\/span><\/p>\n<p><br><span style=\"color: #000000;\">Inscrita en el Registro de Asociaciones, dependiente de la Delegaci\u00f3n de Gobernaci\u00f3n de la Junta de Andaluc\u00eda, con n\u00famero 2735.<\/span><\/p>\n<h4><br><span style=\"color: #3366ff;\"><strong>3 &#8211; Condiciones de uso del portal para los usuarios:<\/strong><\/span><\/h4>\n<p><br><span style=\"color: #000000;\">Est\u00e1 prohibido sobrecargar, da\u00f1ar o inutilizar los sistemas o aplicaciones inform\u00e1ticas del titular o de terceros; o usarlas con fines lesivos<\/span><br><span style=\"color: #000000;\">para sus bienes o intereses.<\/span><br><span style=\"color: #000000;\">Si tienes conocimiento de que los hiperenlaces remiten a webs con contenidos o servicios que son il\u00edcitos, nocivos, denigrantes,<\/span><br><span style=\"color: #000000;\">violentos o contrarios a la moral; o si detectas cualquier problema o contenido ileg\u00edtimo en nuestra web, comun\u00edcanoslo para poder<\/span><br><span style=\"color: #000000;\">eliminarlos.<\/span><br><span style=\"color: #000000;\">Si nos remites cualquier informaci\u00f3n te comprometes a que la misma sea veraz y que no vulnere derechos de terceros ni la legalidad<\/span><br><span style=\"color: #000000;\">vigente.<\/span><br><span style=\"color: #000000;\">Te comprometes a no reproducir, distribuir, transformar, modificar o manipular los contenidos, ni los dispositivos t\u00e9cnicos de protecci\u00f3n o<\/span><br><span style=\"color: #000000;\">de configuraci\u00f3n del Sitio. Tampoco debes usar medios distintos de los que hemos puesto a tu disposici\u00f3n, para obtener materiales,<\/span><br><span style=\"color: #000000;\">informaciones o archivos incluidos en el Sitio.<\/span><\/p>\n<h4><br><strong><span style=\"color: #3366ff;\">4 &#8211; Propiedad intelectual e industrial:<\/span><\/strong><\/h4>\n<p><br><span style=\"color: #000000;\">Tenemos derechos de propiedad intelectual de todos los contenidos del sitio o disponemos de la autorizaci\u00f3n oportuna para usarlos.<\/span><br><span style=\"color: #000000;\">Todas las marcas o signos distintivos usados est\u00e1n protegidos por la Ley; la reproducci\u00f3n, distribuci\u00f3n, comercializaci\u00f3n o<\/span><br><span style=\"color: #000000;\">transformaci\u00f3n no autorizada de contenidos del Sitio; es una infracci\u00f3n de los derechos de propiedad intelectual e industrial.<\/span><br><span style=\"color: #000000;\">Dicho uso no autorizado, as\u00ed como los perjuicios ocasionados; pueden resultar en acciones judiciales y si procede, en la responsabilidad<\/span><br><span style=\"color: #000000;\">que se derive.<\/span><\/p>\n<h4><br><span style=\"color: #3366ff;\"><strong>5 &#8211; Actuaci\u00f3n diligente del titular del Sitio, para la exclusi\u00f3n de responsabilidad:<\/strong><\/span><\/h4>\n<p><br><span style=\"color: #000000;\">El contenido, programas, informaci\u00f3n y\/o consejos expresados en este Sitio deben entenderse como orientativos, salvo que haya una<\/span><br><span style=\"color: #000000;\">contrataci\u00f3n donde las partes asumamos obligaciones. Mientras tanto, queda exenta de cualquier responsabilidad contractual o<\/span><br><span style=\"color: #000000;\">extracontractual con los usuarios.<\/span><br><span style=\"color: #000000;\">En el Sitio se pueden publicar contenidos o botones de terceros. Intentamos dar las m\u00e1ximas garant\u00edas de seguridad, pero debes ser<\/span><br><span style=\"color: #000000;\">consciente de que podr\u00eda haber virus, elementos que alteren tus sistemas o hiperenlaces no autorizados. Te recomendamos que te<\/span><br><span style=\"color: #000000;\">mantengas atento y nos notifiques cualquier problema que te encuentres en la p\u00e1gina, para que podamos ponerle remedio de inmediato.<\/span><br><span style=\"color: #000000;\">Tambi\u00e9n puede haber hiperenlaces (links) de sitios externos. Haremos las comprobaciones previas oportunas y eliminaremos esos links<\/span><br><span style=\"color: #000000;\">en cuanto sepamos que incumplen la normativa vigente, o que pueden causar un potencial perjuicio al usuario. Te aconsejamos actuar<\/span><br><span style=\"color: #000000;\">con prudencia y consultar las condiciones legales de dichas webs.<\/span><br><span style=\"color: #000000;\">Actualizaremos el contenido del Sitio siempre respetando la legalidad y sus derechos. Si el sitio no est\u00e1 disponible o funciona mal,<\/span><br><span style=\"color: #000000;\">intentaremos restaurarlo lo antes posible.<\/span><br><span style=\"color: #000000;\">Pese a que ponemos todas las medidas de seguridad necesarias, nuestra responsabilidad es de medios, no de resultados, por lo que no<\/span><br><span style=\"color: #000000;\">podemos garantizar la ausencia de virus ni de otros elementos en la web que puedan producir alteraciones en tu sistema inform\u00e1tico.<\/span><br><span style=\"color: #000000;\">Por ello, estaremos exentos de responsabilidad si hemos puesto previa y proactivamente todas las medidas t\u00e9cnicas a nuestro alcance,<\/span><br><span style=\"color: #000000;\">y si una vez surgida la incidencia y desde que conozcamos su existencia, trabajamos de forma diligente para minimizar el impacto de la<\/span><br><span style=\"color: #000000;\">misma en tus derechos y libertades. En caso de perjuicios ocasionados por virus inform\u00e1ticos o ataques, el culpable ser\u00e1 el causante del<\/span><br><span style=\"color: #000000;\">ataque.<\/span><br><span style=\"color: #000000;\">Siempre tendr\u00e1s derecho a realizar las reclamaciones legales que consideres oportunas, no sirviendo este condicionado para limitar de<\/span><br><span style=\"color: #000000;\">ninguna forma tus derechos.<\/span><\/p>\n<h4><br><strong><span style=\"color: #3366ff;\">6 &#8211; Legislaci\u00f3n:<\/span><\/strong><\/h4>\n<p><br><span style=\"color: #000000;\">El presente Aviso legal se rige en todos y cada uno de sus extremos por la legislaci\u00f3n espa\u00f1ola. El presente contrato est\u00e1 establecido en<\/span><br><span style=\"color: #000000;\">idioma espa\u00f1ol.<\/span><\/p>\n<h4><br><span style=\"color: #3366ff;\"><strong>7 &#8211; Contacte con nosotros:<\/strong><\/span><\/h4>\n<p><br><span style=\"color: #000000;\">Si tiene Ud. cualquier pregunta sobre las condiciones reflejadas en este Aviso Legal, o si le gustar\u00eda hacer cualquier sugerencia o<\/span><br><span style=\"color: #000000;\">recomendaci\u00f3n, por favor dir\u00edjase a nosotros a trav\u00e9s del email facilitado en el punto 2\u00ba.<\/span><\/p>\n","protected":false},"excerpt":{"rendered":"<p>Asociaci\u00f3n Autismo M\u00e1laga &nbsp; &nbsp; &nbsp; &nbsp; &nbsp; &nbsp; &nbsp; &nbsp; &nbsp; &nbsp; &nbsp; &nbsp; &nbsp; &nbsp; &nbsp; &nbsp; &nbsp; &nbsp; &nbsp; &nbsp; &nbsp; &nbsp; &nbsp; &nbsp; &nbsp; PRODATAviso Legal [&hellip;]<\/p>\n","protected":false},"author":1,"featured_media":0,"parent":0,"menu_order":0,"comment_status":"closed","ping_status":"closed","template":"","meta":{"give_campaign_id":0,"ngg_post_thumbnail":0,"_EventAllDay":false,"_EventTimezone":"","_EventStartDate":"","_EventEndDate":"","_EventStartDateUTC":"","_EventEndDateUTC":"","_EventShowMap":false,"_EventShowMapLink":false,"_EventURL":"","_EventCost":"","_EventCostDescription":"","_EventCurrencySymbol":"","_EventCurrencyCode":"","_EventCurrencyPosition":"","_EventDateTimeSeparator":"","_EventTimeRangeSeparator":"","_EventOrganizerID":[],"_EventVenueID":[],"_OrganizerEmail":"","_OrganizerPhone":"","_OrganizerWebsite":"","_VenueAddress":"","_VenueCity":"","_VenueCountry":"","_VenueProvince":"","_VenueState":"","_VenueZip":"","_VenuePhone":"","_VenueURL":"","_VenueStateProvince":"","_VenueLat":"","_VenueLng":"","_VenueShowMap":false,"_VenueShowMapLink":false,"footnotes":""},"class_list":["post-25046","page","type-page","status-publish","hentry"],"campaignId":"","jetpack_sharing_enabled":true,"_links":{"self":[{"href":"https:\/\/www.autismomalaga.org\/web\/index.php?rest_route=\/wp\/v2\/pages\/25046","targetHints":{"allow":["GET"]}}],"collection":[{"href":"https:\/\/www.autismomalaga.org\/web\/index.php?rest_route=\/wp\/v2\/pages"}],"about":[{"href":"https:\/\/www.autismomalaga.org\/web\/index.php?rest_route=\/wp\/v2\/types\/page"}],"author":[{"embeddable":true,"href":"https:\/\/www.autismomalaga.org\/web\/index.php?rest_route=\/wp\/v2\/users\/1"}],"replies":[{"embeddable":true,"href":"https:\/\/www.autismomalaga.org\/web\/index.php?rest_route=%2Fwp%2Fv2%2Fcomments&post=25046"}],"version-history":[{"count":8,"href":"https:\/\/www.autismomalaga.org\/web\/index.php?rest_route=\/wp\/v2\/pages\/25046\/revisions"}],"predecessor-version":[{"id":25057,"href":"https:\/\/www.autismomalaga.org\/web\/index.php?rest_route=\/wp\/v2\/pages\/25046\/revisions\/25057"}],"wp:attachment":[{"href":"https:\/\/www.autismomalaga.org\/web\/index.php?rest_route=%2Fwp%2Fv2%2Fmedia&parent=25046"}],"curies":[{"name":"wp","href":"https:\/\/api.w.org\/{rel}","templated":true}]}}