{"id":31,"date":"2014-03-03T09:16:43","date_gmt":"2014-03-03T09:16:43","guid":{"rendered":"http:\/\/www.autismomalaga.org\/wordpress\/?page_id=31"},"modified":"2025-05-09T13:09:27","modified_gmt":"2025-05-09T12:09:27","slug":"contacta","status":"publish","type":"page","link":"https:\/\/www.autismomalaga.org\/web\/?page_id=31","title":{"rendered":"Contacta"},"content":{"rendered":"\n<!-- Contact Section -->\n<div class=\"contact-wrapper\"><!-- Left: Contact Form -->\n<div class=\"contact-form\">\n<p class=\"contact-text\">\u00bfTienes alguna consulta?<\/p>\n\n<div class=\"wpcf7 no-js\" id=\"wpcf7-f1012-o1\" lang=\"es-ES\" dir=\"ltr\" data-wpcf7-id=\"1012\">\n<div class=\"screen-reader-response\"><p role=\"status\" aria-live=\"polite\" aria-atomic=\"true\"><\/p> <ul><\/ul><\/div>\n<form action=\"\/web\/index.php?rest_route=%2Fwp%2Fv2%2Fpages%2F31#wpcf7-f1012-o1\" method=\"post\" class=\"wpcf7-form init\" aria-label=\"Formulario de contacto\" novalidate=\"novalidate\" data-status=\"init\">\n<fieldset class=\"hidden-fields-container\"><input type=\"hidden\" name=\"_wpcf7\" value=\"1012\" \/><input type=\"hidden\" name=\"_wpcf7_version\" value=\"6.1.5\" \/><input type=\"hidden\" name=\"_wpcf7_locale\" value=\"es_ES\" \/><input type=\"hidden\" name=\"_wpcf7_unit_tag\" value=\"wpcf7-f1012-o1\" \/><input type=\"hidden\" name=\"_wpcf7_container_post\" value=\"0\" \/><input type=\"hidden\" name=\"_wpcf7_posted_data_hash\" value=\"\" \/>\n<\/fieldset>\n<p>Su nombre (requerido)\n<\/p>\n<p><span class=\"wpcf7-form-control-wrap\" data-name=\"your-name\"><input size=\"40\" maxlength=\"400\" class=\"wpcf7-form-control wpcf7-text wpcf7-validates-as-required\" aria-required=\"true\" aria-invalid=\"false\" value=\"\" type=\"text\" name=\"your-name\" \/><\/span>\n<\/p>\n<p>Su e-mail (requerido)\n<\/p>\n<p><span class=\"wpcf7-form-control-wrap\" data-name=\"your-email\"><input size=\"40\" maxlength=\"400\" class=\"wpcf7-form-control wpcf7-email wpcf7-validates-as-required wpcf7-text wpcf7-validates-as-email\" aria-required=\"true\" aria-invalid=\"false\" value=\"\" type=\"email\" name=\"your-email\" \/><\/span>\n<\/p>\n<p>Asunto\n<\/p>\n<p><span class=\"wpcf7-form-control-wrap\" data-name=\"your-subject\"><input size=\"40\" maxlength=\"400\" class=\"wpcf7-form-control wpcf7-text\" aria-invalid=\"false\" value=\"\" type=\"text\" name=\"your-subject\" \/><\/span>\n<\/p>\n<p>Su mensaje\n<\/p>\n<p><span class=\"wpcf7-form-control-wrap\" data-name=\"your-message\"><textarea cols=\"40\" rows=\"10\" maxlength=\"2000\" class=\"wpcf7-form-control wpcf7-textarea\" aria-invalid=\"false\" name=\"your-message\"><\/textarea><\/span>\n<\/p>\n<p><input class=\"wpcf7-form-control wpcf7-submit has-spinner\" type=\"submit\" value=\"Enviar\" \/>\n<\/p><div class=\"wpcf7-response-output\" aria-hidden=\"true\"><\/div>\n<\/form>\n<\/div>\n\n<p class=\"contact-text\">Por favor cont\u00e1ctenos. Responderemos a la brevedad posible.<\/p>\n<ul>\n<li>Soy mayor de 18 y he le\u00eddo y acepto la <span style=\"color: #33cccc;\"><a style=\"color: #33cccc;\" href=\"https:\/\/clientes.prodat.es\/privacidad\/MLG\/AUTISMOMALAGA\" target=\"_blank\" rel=\"noopener\">pol\u00edtica de privacidad<\/a><\/span>.<\/li>\n<li>Quiero recibir mails con ofertas y novedades sobre este y otros servicios.<\/li>\n<\/ul>\n<p><strong>Responsable:<\/strong> Asociaci\u00f3n Autismo M\u00e1laga<br><strong>Finalidad:<\/strong> Contactarte e informarte sobre nuestros servicios. Mandarte informaci\u00f3n v\u00eda newsletter, si lo aceptas.<br><strong>Legitimaci\u00f3n:<\/strong> Finalidad pre-contractual y tu consentimiento expreso mediante la presente solicitud.<br><strong>Duraci\u00f3n:<\/strong> Los datos se eliminan en cuanto se te da la informaci\u00f3n, salvo que contrates o que nos pidas que te contactemos a futuro. En el newsletter, en cuanto te borras del mismo.<br><strong>Destinatarios:<\/strong> No cedemos tus datos a nadie.<br><strong>Derechos:<\/strong> A acceder, rectificar, y suprimir tus datos, y otros derechos explicados en la informaci\u00f3n adicional:<\/p>\n<p><span style=\"color: #33cccc;\"><a style=\"color: #33cccc;\" href=\"https:\/\/clientes.prodat.es\/privacidad\/MLG\/AUTISMOMALAGA\" target=\"_blank\" rel=\"noopener\">https:\/\/clientes.prodat.es\/privacidad\/MLG\/AUTISMOMALAGA<\/a><\/span><\/p>\n<\/div>\n<!-- Right: Contact Info -->\n<div class=\"contact-info\">\n<div class=\"contact-box\">\n<h3><i class=\"fas fa-map-marker-alt\"><\/i> Centro Quinta Alegre<\/h3>\n<p><i class=\"fas fa-location-arrow\"><\/i> C\/ Juan Franc\u00e9s Bosca n\u00b011, CP: 29010, M\u00e1laga<\/p>\n<p><i class=\"fas fa-phone\"><\/i> <strong>Tel:<\/strong> 952 285 954<\/p>\n<p><i class=\"fas fa-envelope\"><\/i> <strong>Email:<\/strong> <a href=\"mailto:sedesocialautismomalaga@gmail.com\" target=\"_blank\" rel=\"noopener\">sedesocialautismomalaga@gmail.com<\/a><\/p>\n<p><i class=\"fas fa-map\"><\/i> <a class=\"map-link\" href=\"#\" target=\"_blank\" rel=\"noopener\">Ver en maps<\/a><\/p>\n<\/div>\n<div class=\"contact-box\">\n<h3><i class=\"fas fa-map-marker-alt\"><\/i> Centro Pinares<\/h3>\n<p><i class=\"fas fa-location-arrow\"><\/i> Avda. Hern\u00e1n N\u00fa\u00f1ez de Toledo n\u00b01, CP: 29017, M\u00e1laga<\/p>\n<p><i class=\"fas fa-phone\"><\/i> <strong>Tel:<\/strong> 952 296 404<\/p>\n<p><i class=\"fas fa-envelope\"><\/i> <strong>Email:<\/strong> <a href=\"mailto:direccioncentropinares@gmail.com\">direccioncentropinares@gmail.com<\/a><\/p>\n<\/div>\n<p class=\"footer-text\"><i class=\"fas fa-heart\"><\/i> Mejoramos la calidad de vida de las personas con Trastorno del Espectro del Autismo.<\/p>\n<p class=\"footer-text\">Copyright \u00a9 2024 Autismo M\u00e1laga.<\/p>\n<\/div>\n<\/div>\n<!-- Font Awesome (Ensure it's loaded in WordPress) -->\n<p><style>\n    .contact-wrapper {\n        display: flex;\n        flex-wrap: wrap;\n        justify-content: space-between;\n        align-items: flex-start;\n        max-width: 1000px;\n        margin: 40px auto;\n        padding: 20px;\n        background: #fff;\n        box-shadow: 0 0 10px rgba(0, 0, 0, 0.1);\n        border-radius: 10px;\n    }\n    .contact-form {\n        flex: 1;\n        min-width: 350px;\n        padding-right: 20px;\n    }\n    .contact-info {\n        flex: 1;\n        min-width: 350px;\n        background: #e6f7f7;\n        padding: 20px;\n        border-left: 5px solid #33cccc;\n        border-radius: 8px;\n    }\n    h1 {\n        color: #33cccc;\n    }\n    .contact-text {\n        font-size: 18px;\n    }\n    .contact-box {\n        margin-bottom: 20px;\n    }\n    .contact-box h3 {\n        color: #333;\n        font-size: 18px;\n    }\n    .contact-box p {\n        font-size: 16px;\n        margin: 5px 0;\n        display: flex;\n        align-items: center;\n    }\n    .contact-box i {\n        margin-right: 8px;\n        color: #33cccc;\n    }\n    .map-link {\n        color: #33cccc;\n        text-decoration: none;\n        font-weight: bold;\n    }\n    .map-link:hover {\n        text-decoration: underline;\n    }\n    .footer-text {\n        font-size: 14px;\n        color: #666;\n        display: flex;\n        align-items: center;\n    }\n    .footer-text i {\n        margin-right: 5px;\n        color: #ff6b6b;\n    }\n\n    \/* Responsive Design *\/\n    @media (max-width: 768px) {\n        .contact-wrapper {\n            flex-direction: column;\n        }\n        .contact-form {\n            padding-right: 0;\n        }\n    }\n<\/style><\/p>\n<p>&nbsp;<\/p>\n","protected":false},"excerpt":{"rendered":"<p>\u00bfTienes alguna consulta? Por favor cont\u00e1ctenos. Responderemos a la brevedad posible. Soy mayor de 18 y he le\u00eddo y acepto la pol\u00edtica de privacidad. Quiero recibir mails con ofertas y [&hellip;]<\/p>\n","protected":false},"author":1,"featured_media":0,"parent":0,"menu_order":0,"comment_status":"open","ping_status":"open","template":"","meta":{"give_campaign_id":0,"ngg_post_thumbnail":0,"_EventAllDay":false,"_EventTimezone":"","_EventStartDate":"","_EventEndDate":"","_EventStartDateUTC":"","_EventEndDateUTC":"","_EventShowMap":false,"_EventShowMapLink":false,"_EventURL":"","_EventCost":"","_EventCostDescription":"","_EventCurrencySymbol":"","_EventCurrencyCode":"","_EventCurrencyPosition":"","_EventDateTimeSeparator":"","_EventTimeRangeSeparator":"","_EventOrganizerID":[],"_EventVenueID":[],"_OrganizerEmail":"","_OrganizerPhone":"","_OrganizerWebsite":"","_VenueAddress":"","_VenueCity":"","_VenueCountry":"","_VenueProvince":"","_VenueState":"","_VenueZip":"","_VenuePhone":"","_VenueURL":"","_VenueStateProvince":"","_VenueLat":"","_VenueLng":"","_VenueShowMap":false,"_VenueShowMapLink":false,"footnotes":""},"class_list":["post-31","page","type-page","status-publish","hentry"],"campaignId":"","jetpack_sharing_enabled":true,"_links":{"self":[{"href":"https:\/\/www.autismomalaga.org\/web\/index.php?rest_route=\/wp\/v2\/pages\/31","targetHints":{"allow":["GET"]}}],"collection":[{"href":"https:\/\/www.autismomalaga.org\/web\/index.php?rest_route=\/wp\/v2\/pages"}],"about":[{"href":"https:\/\/www.autismomalaga.org\/web\/index.php?rest_route=\/wp\/v2\/types\/page"}],"author":[{"embeddable":true,"href":"https:\/\/www.autismomalaga.org\/web\/index.php?rest_route=\/wp\/v2\/users\/1"}],"replies":[{"embeddable":true,"href":"https:\/\/www.autismomalaga.org\/web\/index.php?rest_route=%2Fwp%2Fv2%2Fcomments&post=31"}],"version-history":[{"count":26,"href":"https:\/\/www.autismomalaga.org\/web\/index.php?rest_route=\/wp\/v2\/pages\/31\/revisions"}],"predecessor-version":[{"id":25043,"href":"https:\/\/www.autismomalaga.org\/web\/index.php?rest_route=\/wp\/v2\/pages\/31\/revisions\/25043"}],"wp:attachment":[{"href":"https:\/\/www.autismomalaga.org\/web\/index.php?rest_route=%2Fwp%2Fv2%2Fmedia&parent=31"}],"curies":[{"name":"wp","href":"https:\/\/api.w.org\/{rel}","templated":true}]}}