{"id":559,"date":"2014-03-12T10:15:27","date_gmt":"2014-03-12T10:15:27","guid":{"rendered":"http:\/\/www.autismomalaga.org\/wordpress\/?page_id=559"},"modified":"2025-03-31T15:19:34","modified_gmt":"2025-03-31T14:19:34","slug":"logopedia","status":"publish","type":"page","link":"https:\/\/www.autismomalaga.org\/web\/?page_id=559","title":{"rendered":"Flexibilidad de comportamiento y pensamiento"},"content":{"rendered":"<p>&nbsp;<\/p>\n<p><strong>Dificultades para responder de manera flexible a las demandas de los diferentes contextos sociales.<\/strong><\/p>\n<p>Se refiere a las dificultades que pueden presentar las personas con TEA para responder de forma flexible a las demandas de los diferentes contextos, teniendo que adecuar su forma de pensar y comportarse. Esto puede manifestarse en su insistencia en la monoton\u00eda (resistencia a peque\u00f1os cambios; gran esfuerzo y malestar para adaptarse a situaciones imprevistas; repertorio limitado de intereses muy intenso y espec\u00edfico que focalizan la atenci\u00f3n y el comportamiento de la persona y que interfiere en su vida diaria; patrones de comportamiento r\u00edgido y repetitivo, p.e. ecolalias: movimientos repetitivos y estereotipados).<\/p>\n<p><strong>Est\u00edmulos sensoriales<\/strong><\/p>\n<p>Algunas personas con TEA presentan alteraciones en el procesamiento de los est\u00edmulos sensoriales mostrando, en ocasiones, hiper o hipo reactividad a estos est\u00edmulos, manifest\u00e1ndose desde la no reacci\u00f3n al malestar intenso ante determinados sonidos, olores, luces, sabores o texturas espec\u00edficas ante los cuales no reaccionan as\u00ed los dem\u00e1s (p.e. taparse los o\u00eddos ante ciertos sonidos, rechazo a seg\u00fan que texturas de ropa) aparente indiferencia al dolor o a la temperatura, inter\u00e9s inusual en aspectos sensoriales del entorno (p.e. fascinaci\u00f3n por luces, objetos que se mueven o giran, tocar o palpar algunas cosas, entre otros), b\u00fasqueda de estimulaci\u00f3n sensorial mediante actividad f\u00edsica (p.e. gira sobre si mismo, saltar repetidamente, balancearse,&nbsp;entre&nbsp;otros)<\/p>\n<p><strong>Las caracter\u00edsticas que definen el TEA tambi\u00e9n se asocian a una serie de capacidades, tales como:<\/strong><br>\u2022 Meticulosidad<br>\u2022 Curiosidad por temas muy espec\u00edficos<br>\u2022 Conocimiento especializado sobre temas de su inter\u00e9s<br>\u2022 Sinceridad<br>\u2022 Honestidad<br>\u2022 Respeto y cumplimiento de las reglas establecidas<br>\u2022 Atenci\u00f3n por los detalles<br>I Buena adaptaci\u00f3n y seguimiento de las rutinas<br>\u2022 Buenas competencias en tareas mec\u00e1nicas y repetitivas<br>\u2022 Tendencia a ser muy l\u00f3gicas<br>\u2022 Capacidad para escuchar&nbsp;sin&nbsp;prejuicios<\/p>\n<p>&nbsp;<\/p>\n\n\n<figure class=\"wp-block-image size-full is-resized\" style=\"text-align: center;\">\n    <a href=\"https:\/\/www.autismomalaga.org\/web\/wp-content\/uploads\/2025\/03\/image-11.png\">\n        <img loading=\"lazy\" decoding=\"async\" width=\"778\" height=\"356\" src=\"https:\/\/www.autismomalaga.org\/web\/wp-content\/uploads\/2025\/03\/image-11.png\" \n             alt=\"\" class=\"wp-image-24453\" style=\"width:780px;height:auto\" srcset=\"https:\/\/www.autismomalaga.org\/web\/wp-content\/uploads\/2025\/03\/image-11.png 778w, https:\/\/www.autismomalaga.org\/web\/wp-content\/uploads\/2025\/03\/image-11-300x137.png 300w, https:\/\/www.autismomalaga.org\/web\/wp-content\/uploads\/2025\/03\/image-11-768x351.png 768w\" sizes=\"auto, (max-width: 778px) 100vw, 778px\" \/>\n    <\/a>\n<\/figure>\n","protected":false},"excerpt":{"rendered":"<p>&nbsp; Dificultades para responder de manera flexible a las demandas de los diferentes contextos sociales. Se refiere a las dificultades que pueden presentar las personas con TEA para responder de [&hellip;]<\/p>\n","protected":false},"author":1,"featured_media":0,"parent":0,"menu_order":0,"comment_status":"open","ping_status":"open","template":"","meta":{"give_campaign_id":0,"ngg_post_thumbnail":0,"_EventAllDay":false,"_EventTimezone":"","_EventStartDate":"","_EventEndDate":"","_EventStartDateUTC":"","_EventEndDateUTC":"","_EventShowMap":false,"_EventShowMapLink":false,"_EventURL":"","_EventCost":"","_EventCostDescription":"","_EventCurrencySymbol":"","_EventCurrencyCode":"","_EventCurrencyPosition":"","_EventDateTimeSeparator":"","_EventTimeRangeSeparator":"","_EventOrganizerID":[],"_EventVenueID":[],"_OrganizerEmail":"","_OrganizerPhone":"","_OrganizerWebsite":"","_VenueAddress":"","_VenueCity":"","_VenueCountry":"","_VenueProvince":"","_VenueState":"","_VenueZip":"","_VenuePhone":"","_VenueURL":"","_VenueStateProvince":"","_VenueLat":"","_VenueLng":"","_VenueShowMap":false,"_VenueShowMapLink":false,"footnotes":""},"class_list":["post-559","page","type-page","status-publish","hentry"],"campaignId":"","jetpack_sharing_enabled":true,"_links":{"self":[{"href":"https:\/\/www.autismomalaga.org\/web\/index.php?rest_route=\/wp\/v2\/pages\/559","targetHints":{"allow":["GET"]}}],"collection":[{"href":"https:\/\/www.autismomalaga.org\/web\/index.php?rest_route=\/wp\/v2\/pages"}],"about":[{"href":"https:\/\/www.autismomalaga.org\/web\/index.php?rest_route=\/wp\/v2\/types\/page"}],"author":[{"embeddable":true,"href":"https:\/\/www.autismomalaga.org\/web\/index.php?rest_route=\/wp\/v2\/users\/1"}],"replies":[{"embeddable":true,"href":"https:\/\/www.autismomalaga.org\/web\/index.php?rest_route=%2Fwp%2Fv2%2Fcomments&post=559"}],"version-history":[{"count":19,"href":"https:\/\/www.autismomalaga.org\/web\/index.php?rest_route=\/wp\/v2\/pages\/559\/revisions"}],"predecessor-version":[{"id":24952,"href":"https:\/\/www.autismomalaga.org\/web\/index.php?rest_route=\/wp\/v2\/pages\/559\/revisions\/24952"}],"wp:attachment":[{"href":"https:\/\/www.autismomalaga.org\/web\/index.php?rest_route=%2Fwp%2Fv2%2Fmedia&parent=559"}],"curies":[{"name":"wp","href":"https:\/\/api.w.org\/{rel}","templated":true}]}}