{"id":565,"date":"2014-03-12T10:46:19","date_gmt":"2014-03-12T10:46:19","guid":{"rendered":"http:\/\/www.autismomalaga.org\/wordpress\/?page_id=565"},"modified":"2014-06-03T16:34:41","modified_gmt":"2014-06-03T16:34:41","slug":"actividades-deportivas","status":"publish","type":"page","link":"https:\/\/www.autismomalaga.org\/web\/?page_id=565","title":{"rendered":"Actividades Deportivas"},"content":{"rendered":"<p>[et_pb_section background_color=\u00bb#9c53ad\u00bb inner_shadow=\u00bboff\u00bb parallax=\u00bboff\u00bb][et_pb_row][et_pb_column type=\u00bb4_4&#8243;][et_pb_text admin_label=\u00bbText\u00bb background_layout=\u00bblight\u00bb text_orientation=\u00bbleft\u00bb]<\/p>\n<p><span style=\"font-size: x-large; color: #ffffff;\"><strong>Actividades deportivas<\/strong><\/span><\/p>\n<p>[\/et_pb_text][\/et_pb_column][\/et_pb_row][\/et_pb_section][et_pb_section fullwidth=\u00bboff\u00bb][et_pb_row][et_pb_column type=\u00bb1_4&#8243;][et_pb_sidebar admin_label=\u00bbSidebar\u00bb orientation=\u00bbleft\u00bb area=\u00bbet_pb_widget_area_1&#8243; background_layout=\u00bblight\u00bb \/][\/et_pb_column][et_pb_column type=\u00bb3_4&#8243;][et_pb_text admin_label=\u00bbText\u00bb background_layout=\u00bblight\u00bb text_orientation=\u00bbleft\u00bb]<\/p>\n<p style=\"text-align: justify;\">Las actividades deportivas tienen por finalidad el fomento de la actividad f\u00edsica, evitar el sedentarismo y mejorar el tono muscular y la psicomotricidad. Configuran adem\u00e1s la integraci\u00f3n en un entorno normalizado. Este servicio, cuenta con una programaci\u00f3n general en el que se explicitan los objetivos, metodolog\u00edas y contenidos. Al final de curso, se entrega un informe sobre las actividades llevadas a cabo.<\/p>\n<table border=\"0\">\n<tbody>\n<tr>\n<td><span style=\"font-size: medium;\"><strong>Deportes<br \/><a href=\"http:\/\/www.autismomalaga.org\/web\/wp-content\/uploads\/2014\/03\/deportes.png\"><img loading=\"lazy\" decoding=\"async\" class=\"alignnone wp-image-1228 size-thumbnail\" src=\"http:\/\/www.autismomalaga.org\/web\/wp-content\/uploads\/2014\/03\/deportes-150x150.png\" alt=\"deportes\" width=\"150\" height=\"150\" srcset=\"https:\/\/www.autismomalaga.org\/web\/wp-content\/uploads\/2014\/03\/deportes-150x150.png 150w, https:\/\/www.autismomalaga.org\/web\/wp-content\/uploads\/2014\/03\/deportes.png 299w\" sizes=\"auto, (max-width: 150px) 100vw, 150px\" \/><\/a><br \/><\/strong><\/span><\/td>\n<td style=\"text-align: justify;\">Las actividades deportivas se llevar\u00e1n a cabo los s\u00e1bados de 12 a 13 horas, de octubre a junio, en las instalaciones deportivas del complejo universitario de Teatinos. El servicio est\u00e1 sujeto al calendario que la Universidad de M\u00e1laga establezca.<\/td>\n<\/tr>\n<\/tbody>\n<\/table>\n<p style=\"text-align: justify;\">Para darse de alta en el servicio, debe ponerse en contacto con la Sede Social, donde se informa de los tr\u00e1mites a realizar.<\/p>\n<p>&nbsp;<\/p>\n<p>&nbsp;<\/p>\n<p>[\/et_pb_text][\/et_pb_column][\/et_pb_row][\/et_pb_section]<\/p>\n","protected":false},"excerpt":{"rendered":"<p>[et_pb_section background_color=\u00bb#9c53ad\u00bb inner_shadow=\u00bboff\u00bb parallax=\u00bboff\u00bb][et_pb_row][et_pb_column type=\u00bb4_4&#8243;][et_pb_text admin_label=\u00bbText\u00bb background_layout=\u00bblight\u00bb text_orientation=\u00bbleft\u00bb] Actividades deportivas [\/et_pb_text][\/et_pb_column][\/et_pb_row][\/et_pb_section][et_pb_section fullwidth=\u00bboff\u00bb][et_pb_row][et_pb_column type=\u00bb1_4&#8243;][et_pb_sidebar admin_label=\u00bbSidebar\u00bb orientation=\u00bbleft\u00bb area=\u00bbet_pb_widget_area_1&#8243; background_layout=\u00bblight\u00bb \/][\/et_pb_column][et_pb_column type=\u00bb3_4&#8243;][et_pb_text admin_label=\u00bbText\u00bb background_layout=\u00bblight\u00bb text_orientation=\u00bbleft\u00bb] Las actividades deportivas tienen por finalidad el fomento [&hellip;]<\/p>\n","protected":false},"author":1,"featured_media":0,"parent":0,"menu_order":0,"comment_status":"open","ping_status":"open","template":"","meta":{"give_campaign_id":0,"ngg_post_thumbnail":0,"_EventAllDay":false,"_EventTimezone":"","_EventStartDate":"","_EventEndDate":"","_EventStartDateUTC":"","_EventEndDateUTC":"","_EventShowMap":false,"_EventShowMapLink":false,"_EventURL":"","_EventCost":"","_EventCostDescription":"","_EventCurrencySymbol":"","_EventCurrencyCode":"","_EventCurrencyPosition":"","_EventDateTimeSeparator":"","_EventTimeRangeSeparator":"","_EventOrganizerID":[],"_EventVenueID":[],"_OrganizerEmail":"","_OrganizerPhone":"","_OrganizerWebsite":"","_VenueAddress":"","_VenueCity":"","_VenueCountry":"","_VenueProvince":"","_VenueState":"","_VenueZip":"","_VenuePhone":"","_VenueURL":"","_VenueStateProvince":"","_VenueLat":"","_VenueLng":"","_VenueShowMap":false,"_VenueShowMapLink":false,"footnotes":""},"class_list":["post-565","page","type-page","status-publish","hentry"],"campaignId":"","jetpack_sharing_enabled":true,"_links":{"self":[{"href":"https:\/\/www.autismomalaga.org\/web\/index.php?rest_route=\/wp\/v2\/pages\/565","targetHints":{"allow":["GET"]}}],"collection":[{"href":"https:\/\/www.autismomalaga.org\/web\/index.php?rest_route=\/wp\/v2\/pages"}],"about":[{"href":"https:\/\/www.autismomalaga.org\/web\/index.php?rest_route=\/wp\/v2\/types\/page"}],"author":[{"embeddable":true,"href":"https:\/\/www.autismomalaga.org\/web\/index.php?rest_route=\/wp\/v2\/users\/1"}],"replies":[{"embeddable":true,"href":"https:\/\/www.autismomalaga.org\/web\/index.php?rest_route=%2Fwp%2Fv2%2Fcomments&post=565"}],"version-history":[{"count":6,"href":"https:\/\/www.autismomalaga.org\/web\/index.php?rest_route=\/wp\/v2\/pages\/565\/revisions"}],"predecessor-version":[{"id":1438,"href":"https:\/\/www.autismomalaga.org\/web\/index.php?rest_route=\/wp\/v2\/pages\/565\/revisions\/1438"}],"wp:attachment":[{"href":"https:\/\/www.autismomalaga.org\/web\/index.php?rest_route=%2Fwp%2Fv2%2Fmedia&parent=565"}],"curies":[{"name":"wp","href":"https:\/\/api.w.org\/{rel}","templated":true}]}}