{"id":57,"date":"2014-03-03T09:52:59","date_gmt":"2014-03-03T09:52:59","guid":{"rendered":"http:\/\/www.autismomalaga.org\/wordpress\/?page_id=57"},"modified":"2025-05-06T21:34:23","modified_gmt":"2025-05-06T20:34:23","slug":"centro-pinares","status":"publish","type":"page","link":"https:\/\/www.autismomalaga.org\/web\/?page_id=57","title":{"rendered":"Centro Pinares"},"content":{"rendered":"\n<figure class=\"wp-block-image size-full\"><img loading=\"lazy\" decoding=\"async\" class=\"\" style=\"border-radius: 15px;\" src=\"http:\/\/www.autismomalaga.org\/web\/wp-content\/uploads\/2025\/03\/1700584591139-scaled.jpg\" alt=\"Centro Pinares\" width=\"782\" height=\"496\"><\/figure>\n<h3>Centro Pinares<\/h3>\n<p>La Residencia \u00abPinares\u00bb es un centro acreditado por la Consejer\u00eda para la Igualdad y el Bienestar Social de la Junta de Andaluc\u00eda. Este centro est\u00e1 destinado a servir de hogar, de forma temporal o permanente, a personas con Trastornos del Espectro Autista, que por su grado de discapacidad, unido a su problem\u00e1tica socio-familiar, tenga dificultades para ser atendidas en su unidad de convivencia o no puedan vivir de forma independiente.<\/p>\n<h4>01 Historia<\/h4>\n<p>Desde finales de los a\u00f1os 80, los padres de la Asociaci\u00f3n \u201cAutismo M\u00e1laga\u201d pusieron en marcha un proyecto surgido ante la inquietud generada por la falta de recursos residenciales adecuados para las personas adultas con Trastornos del Espectro Autista.<\/p>\n<figure class=\"wp-block-image size-full\"><\/figure>\n<figure class=\"wp-block-image size-full\"><\/figure>\n\n\n\n<figure class=\"wp-block-image size-large\"><a href=\"https:\/\/www.autismomalaga.org\/web\/wp-content\/uploads\/2025\/05\/1700584624432-scaled.jpg\"><img loading=\"lazy\" decoding=\"async\" width=\"1024\" height=\"687\" src=\"https:\/\/www.autismomalaga.org\/web\/wp-content\/uploads\/2025\/05\/1700584624432-1024x687.jpg\" alt=\"\" class=\"wp-image-25024\" srcset=\"https:\/\/www.autismomalaga.org\/web\/wp-content\/uploads\/2025\/05\/1700584624432-1024x687.jpg 1024w, https:\/\/www.autismomalaga.org\/web\/wp-content\/uploads\/2025\/05\/1700584624432-300x201.jpg 300w, https:\/\/www.autismomalaga.org\/web\/wp-content\/uploads\/2025\/05\/1700584624432-768x515.jpg 768w, https:\/\/www.autismomalaga.org\/web\/wp-content\/uploads\/2025\/05\/1700584624432-1536x1031.jpg 1536w, https:\/\/www.autismomalaga.org\/web\/wp-content\/uploads\/2025\/05\/1700584624432-2048x1375.jpg 2048w\" sizes=\"auto, (max-width: 1024px) 100vw, 1024px\" \/><\/a><\/figure>\n\n\n<h4>02 Personal y organigrama<\/h4>\n<p>La Residencia Pinares cuenta con un grupo de personas que hacen posible el funcionamiento del centro. El personal se estructura en torno a las siguientes categor\u00edas.<\/p>\n<p>&nbsp;<\/p>\n\n\n<figure class=\"wp-block-image size-large\"><a href=\"https:\/\/www.autismomalaga.org\/web\/wp-content\/uploads\/2025\/05\/1700584624347-scaled.jpg\"><img loading=\"lazy\" decoding=\"async\" width=\"1024\" height=\"683\" src=\"https:\/\/www.autismomalaga.org\/web\/wp-content\/uploads\/2025\/05\/1700584624347-1024x683.jpg\" alt=\"\" class=\"wp-image-25023\" srcset=\"https:\/\/www.autismomalaga.org\/web\/wp-content\/uploads\/2025\/05\/1700584624347-1024x683.jpg 1024w, https:\/\/www.autismomalaga.org\/web\/wp-content\/uploads\/2025\/05\/1700584624347-300x200.jpg 300w, https:\/\/www.autismomalaga.org\/web\/wp-content\/uploads\/2025\/05\/1700584624347-768x512.jpg 768w, https:\/\/www.autismomalaga.org\/web\/wp-content\/uploads\/2025\/05\/1700584624347-1536x1024.jpg 1536w, https:\/\/www.autismomalaga.org\/web\/wp-content\/uploads\/2025\/05\/1700584624347-2048x1366.jpg 2048w\" sizes=\"auto, (max-width: 1024px) 100vw, 1024px\" \/><\/a><\/figure>\n\n\n\n<figure class=\"wp-block-image size-large is-resized\"><a href=\"https:\/\/www.autismomalaga.org\/web\/wp-content\/uploads\/2025\/03\/LOGO-AUTISMO-MALAGA-22.png\"><img loading=\"lazy\" decoding=\"async\" width=\"1024\" height=\"923\" src=\"https:\/\/www.autismomalaga.org\/web\/wp-content\/uploads\/2025\/03\/LOGO-AUTISMO-MALAGA-22-1024x923.png\" alt=\"\" class=\"wp-image-24931\" style=\"width:95px;height:auto\" srcset=\"https:\/\/www.autismomalaga.org\/web\/wp-content\/uploads\/2025\/03\/LOGO-AUTISMO-MALAGA-22-1024x923.png 1024w, https:\/\/www.autismomalaga.org\/web\/wp-content\/uploads\/2025\/03\/LOGO-AUTISMO-MALAGA-22-300x271.png 300w, https:\/\/www.autismomalaga.org\/web\/wp-content\/uploads\/2025\/03\/LOGO-AUTISMO-MALAGA-22-768x692.png 768w, https:\/\/www.autismomalaga.org\/web\/wp-content\/uploads\/2025\/03\/LOGO-AUTISMO-MALAGA-22.png 1373w\" sizes=\"auto, (max-width: 1024px) 100vw, 1024px\" \/><\/a><\/figure>\n\n\n\n<div style=\"display: flex; align-items: center; justify-content: space-between; width: 100%; padding: 20px; box-sizing: border-box;\">\n<div style=\"flex: 1; margin: 0 20px;\">\n<p style=\"margin: 0; font-size: 16px;\">Mejoramos la calidad de vida de las personas con Trastorno del Espectro del Autismo.<\/p>\n<\/div>\n<div style=\"flex: 1; margin: 0 20px;\">\n<p><strong>Centro Pinares<\/strong><br>Avda. Hern\u00e1n N\u00fa\u00f1ez de Toledo n\u00b01<br>CP: 29017. M\u00e1laga<br>TIf. 952 296 404<br>direccioncentropinares@gmail.com<\/p>\n<\/div>\n<div style=\"flex: 1; margin: 0 20px;\">\n<p><strong>Centro Quinta Alegre<\/strong><br>C\/ Juan Franc\u00e9s Bosca n\u00b011<br>CP: 29010, M\u00e1laga<br>TIf. 952 285 954<br>sedesocialautismomalaga@gmail.com<\/p>\n<\/div>\n<\/div>\n<p style=\"padding: 20px;\">Copyright \u00a9 2024 Autismo M\u00e1laga.<\/p>\n<p>&nbsp;<\/p>\n","protected":false},"excerpt":{"rendered":"<p>Centro Pinares La Residencia \u00abPinares\u00bb es un centro acreditado por la Consejer\u00eda para la Igualdad y el Bienestar Social de la Junta de Andaluc\u00eda. Este centro est\u00e1 destinado a servir [&hellip;]<\/p>\n","protected":false},"author":1,"featured_media":0,"parent":25,"menu_order":0,"comment_status":"open","ping_status":"open","template":"","meta":{"give_campaign_id":0,"ngg_post_thumbnail":0,"_EventAllDay":false,"_EventTimezone":"","_EventStartDate":"","_EventEndDate":"","_EventStartDateUTC":"","_EventEndDateUTC":"","_EventShowMap":false,"_EventShowMapLink":false,"_EventURL":"","_EventCost":"","_EventCostDescription":"","_EventCurrencySymbol":"","_EventCurrencyCode":"","_EventCurrencyPosition":"","_EventDateTimeSeparator":"","_EventTimeRangeSeparator":"","_EventOrganizerID":[],"_EventVenueID":[],"_OrganizerEmail":"","_OrganizerPhone":"","_OrganizerWebsite":"","_VenueAddress":"","_VenueCity":"","_VenueCountry":"","_VenueProvince":"","_VenueState":"","_VenueZip":"","_VenuePhone":"","_VenueURL":"","_VenueStateProvince":"","_VenueLat":"","_VenueLng":"","_VenueShowMap":false,"_VenueShowMapLink":false,"footnotes":""},"class_list":["post-57","page","type-page","status-publish","hentry"],"campaignId":"","jetpack_sharing_enabled":true,"_links":{"self":[{"href":"https:\/\/www.autismomalaga.org\/web\/index.php?rest_route=\/wp\/v2\/pages\/57","targetHints":{"allow":["GET"]}}],"collection":[{"href":"https:\/\/www.autismomalaga.org\/web\/index.php?rest_route=\/wp\/v2\/pages"}],"about":[{"href":"https:\/\/www.autismomalaga.org\/web\/index.php?rest_route=\/wp\/v2\/types\/page"}],"author":[{"embeddable":true,"href":"https:\/\/www.autismomalaga.org\/web\/index.php?rest_route=\/wp\/v2\/users\/1"}],"replies":[{"embeddable":true,"href":"https:\/\/www.autismomalaga.org\/web\/index.php?rest_route=%2Fwp%2Fv2%2Fcomments&post=57"}],"version-history":[{"count":34,"href":"https:\/\/www.autismomalaga.org\/web\/index.php?rest_route=\/wp\/v2\/pages\/57\/revisions"}],"predecessor-version":[{"id":25025,"href":"https:\/\/www.autismomalaga.org\/web\/index.php?rest_route=\/wp\/v2\/pages\/57\/revisions\/25025"}],"up":[{"embeddable":true,"href":"https:\/\/www.autismomalaga.org\/web\/index.php?rest_route=\/wp\/v2\/pages\/25"}],"wp:attachment":[{"href":"https:\/\/www.autismomalaga.org\/web\/index.php?rest_route=%2Fwp%2Fv2%2Fmedia&parent=57"}],"curies":[{"name":"wp","href":"https:\/\/api.w.org\/{rel}","templated":true}]}}