{"id":76,"date":"2014-03-03T10:02:42","date_gmt":"2014-03-03T10:02:42","guid":{"rendered":"http:\/\/www.autismomalaga.org\/wordpress\/?page_id=76"},"modified":"2014-03-19T10:34:06","modified_gmt":"2014-03-19T10:34:06","slug":"politica-de-calidad","status":"publish","type":"page","link":"https:\/\/www.autismomalaga.org\/web\/?page_id=76","title":{"rendered":"Pol\u00edtica de calidad"},"content":{"rendered":"<p>[et_pb_section background_color=\u00bb#9c53ad\u00bb inner_shadow=\u00bboff\u00bb parallax=\u00bboff\u00bb][et_pb_row][et_pb_column type=\u00bb4_4&#8243;][et_pb_text admin_label=\u00bbText\u00bb background_layout=\u00bblight\u00bb text_orientation=\u00bbleft\u00bb]<\/p>\n<p><span style=\"font-size: x-large; color: #ffffff;\"><strong>Pol\u00edtica de calidad<\/strong><\/span><\/p>\n<p>[\/et_pb_text][\/et_pb_column][\/et_pb_row][\/et_pb_section][et_pb_section][et_pb_row][et_pb_column type=\u00bb4_4&#8243;][et_pb_text admin_label=\u00bbText\u00bb background_layout=\u00bblight\u00bb text_orientation=\u00bbleft\u00bb]<\/p>\n<p>La Asociaci\u00f3n de Padres de Ni\u00f1os y Adultos Autistas de M\u00e1laga \u201cAutismo M\u00e1laga\u201d aspira a un nivel de excelencia en el sector de la discapacidad, por ello tiene el compromiso de ofrecer calidad en sus programas y en sus servicios para que satisfagan las necesidades y expectativas de todos los grupos de inter\u00e9s.<\/p>\n<p>El objetivo de esta Asociaci\u00f3n no es otro que mejorar la calidad de vida de las personas afectadas con Trastorno del Espectro del Autismo y sus familias mediante los apoyos necesarios, siempre que la situaci\u00f3n econ\u00f3mica lo permita, atendiendo as\u00ed todas sus demandas y necesidades que van surgiendo a lo largo de su ciclo vital.<\/p>\n<p>La Asociaci\u00f3n Autismo M\u00e1laga, consciente de la importancia de disponer de un sistema de calidad, ha decidido implantar el Modelo EFQM de Excelencia que tiene como objetivo ayudar a las Organizaciones a conocerse mejor a s\u00ed mismas, y en consecuencia, a mejorar su funcionamiento.<\/p>\n<p>Para el logro de nuestros objetivos se fija una pol\u00edtica de calidad que permita que nuestros procesos est\u00e9n continuamente mejorando e innovando, y se puedan capacitar mejor, de esta forma, a nuestros profesionales.<\/p>\n<p style=\"text-align: justify;\">Esta pol\u00edtica de calidad ser\u00e1 el marco de referencia para establecer y revisar los objetivos de calidad de nuestra Asociaci\u00f3n; por ello debe ser comunicada a todas los grupos de inter\u00e9s y revisada continuamente para comprobar que su adecuaci\u00f3n es \u00f3ptima.<\/p>\n<p style=\"text-align: justify;\">Se asegurar\u00e1 el establecimiento de los objetivos de calidad, se revisar\u00e1 el sistema peri\u00f3dicamente y, de hecho, nos comprometemos a asegurar la disponibilidad de recursos. Nuestra Asociaci\u00f3n se compromete al cumplimiento tanto de la legislaci\u00f3n vigente, de obligado cumplimiento, como de la que pueda ser aprobada en un futuro.<\/p>\n<p style=\"text-align: justify;\">La Asociaci\u00f3n Autismo M\u00e1laga sabe que para llegar a dicho nivel de calidad ser\u00e1 necesario la eficacia de todos los grupos de inter\u00e9s as\u00ed como la eficiencia de los recursos. Debemos ser una Entidad transparente y coherente, garantizando el acceso a la informaci\u00f3n y manteniendo una conducta correcta en base a los principios marcados por la Asociaci\u00f3n.<\/p>\n<p style=\"text-align: justify;\">Nuestra Organizaci\u00f3n dispondr\u00e1 de un grupo de profesionales que destaquen por su responsabilidad, formaci\u00f3n y trabajo en equipo, para lo cual ser\u00e1 necesario un plan de formaci\u00f3n continua para el mejor desempe\u00f1o de las labores propias de sus puestos de trabajo, as\u00ed como facilitar la comunicaci\u00f3n e implicaci\u00f3n de los profesionales de la propia Entidad y con los de otras Entidades siguiendo las directrices marcadas por la Junta Directiva.<\/p>\n<p>[\/et_pb_text][\/et_pb_column][\/et_pb_row][\/et_pb_section]<\/p>\n","protected":false},"excerpt":{"rendered":"<p>[et_pb_section background_color=\u00bb#9c53ad\u00bb inner_shadow=\u00bboff\u00bb parallax=\u00bboff\u00bb][et_pb_row][et_pb_column type=\u00bb4_4&#8243;][et_pb_text admin_label=\u00bbText\u00bb background_layout=\u00bblight\u00bb text_orientation=\u00bbleft\u00bb] Pol\u00edtica de calidad [\/et_pb_text][\/et_pb_column][\/et_pb_row][\/et_pb_section][et_pb_section][et_pb_row][et_pb_column type=\u00bb4_4&#8243;][et_pb_text admin_label=\u00bbText\u00bb background_layout=\u00bblight\u00bb text_orientation=\u00bbleft\u00bb] La Asociaci\u00f3n de Padres de Ni\u00f1os y Adultos Autistas de M\u00e1laga \u201cAutismo M\u00e1laga\u201d aspira [&hellip;]<\/p>\n","protected":false},"author":1,"featured_media":0,"parent":72,"menu_order":0,"comment_status":"open","ping_status":"open","template":"","meta":{"give_campaign_id":0,"ngg_post_thumbnail":0,"_EventAllDay":false,"_EventTimezone":"","_EventStartDate":"","_EventEndDate":"","_EventStartDateUTC":"","_EventEndDateUTC":"","_EventShowMap":false,"_EventShowMapLink":false,"_EventURL":"","_EventCost":"","_EventCostDescription":"","_EventCurrencySymbol":"","_EventCurrencyCode":"","_EventCurrencyPosition":"","_EventDateTimeSeparator":"","_EventTimeRangeSeparator":"","_EventOrganizerID":[],"_EventVenueID":[],"_OrganizerEmail":"","_OrganizerPhone":"","_OrganizerWebsite":"","_VenueAddress":"","_VenueCity":"","_VenueCountry":"","_VenueProvince":"","_VenueState":"","_VenueZip":"","_VenuePhone":"","_VenueURL":"","_VenueStateProvince":"","_VenueLat":"","_VenueLng":"","_VenueShowMap":false,"_VenueShowMapLink":false,"footnotes":""},"class_list":["post-76","page","type-page","status-publish","hentry"],"campaignId":"","jetpack_sharing_enabled":true,"_links":{"self":[{"href":"https:\/\/www.autismomalaga.org\/web\/index.php?rest_route=\/wp\/v2\/pages\/76","targetHints":{"allow":["GET"]}}],"collection":[{"href":"https:\/\/www.autismomalaga.org\/web\/index.php?rest_route=\/wp\/v2\/pages"}],"about":[{"href":"https:\/\/www.autismomalaga.org\/web\/index.php?rest_route=\/wp\/v2\/types\/page"}],"author":[{"embeddable":true,"href":"https:\/\/www.autismomalaga.org\/web\/index.php?rest_route=\/wp\/v2\/users\/1"}],"replies":[{"embeddable":true,"href":"https:\/\/www.autismomalaga.org\/web\/index.php?rest_route=%2Fwp%2Fv2%2Fcomments&post=76"}],"version-history":[{"count":4,"href":"https:\/\/www.autismomalaga.org\/web\/index.php?rest_route=\/wp\/v2\/pages\/76\/revisions"}],"predecessor-version":[{"id":802,"href":"https:\/\/www.autismomalaga.org\/web\/index.php?rest_route=\/wp\/v2\/pages\/76\/revisions\/802"}],"up":[{"embeddable":true,"href":"https:\/\/www.autismomalaga.org\/web\/index.php?rest_route=\/wp\/v2\/pages\/72"}],"wp:attachment":[{"href":"https:\/\/www.autismomalaga.org\/web\/index.php?rest_route=%2Fwp%2Fv2%2Fmedia&parent=76"}],"curies":[{"name":"wp","href":"https:\/\/api.w.org\/{rel}","templated":true}]}}

Política de calidad

<p>[et_pb_section background_color=»#9c53ad» inner_shadow=»off» parallax=»off»][et_pb_row][et_pb_column type=»4_4&#8243;][et_pb_text admin_label=»Text» background_layout=»light» text_orientation=»left»]</p>
<p><span style="font-size: x-large; color: #ffffff;"><strong>Política de calidad</strong></span></p>
<p>[/et_pb_text][/et_pb_column][/et_pb_row][/et_pb_section][et_pb_section][et_pb_row][et_pb_column type=»4_4&#8243;][et_pb_text admin_label=»Text» background_layout=»light» text_orientation=»left»]</p>
<p>La Asociación de Padres de Niños y Adultos Autistas de Málaga “Autismo Málaga” aspira a un nivel de excelencia en el sector de la discapacidad, por ello tiene el compromiso de ofrecer calidad en sus programas y en sus servicios para que satisfagan las necesidades y expectativas de todos los grupos de interés.</p>
<p>El objetivo de esta Asociación no es otro que mejorar la calidad de vida de las personas afectadas con Trastorno del Espectro del Autismo y sus familias mediante los apoyos necesarios, siempre que la situación económica lo permita, atendiendo así todas sus demandas y necesidades que van surgiendo a lo largo de su ciclo vital.</p>
<p>La Asociación Autismo Málaga, consciente de la importancia de disponer de un sistema de calidad, ha decidido implantar el Modelo EFQM de Excelencia que tiene como objetivo ayudar a las Organizaciones a conocerse mejor a sí mismas, y en consecuencia, a mejorar su funcionamiento.</p>
<p>Para el logro de nuestros objetivos se fija una política de calidad que permita que nuestros procesos estén continuamente mejorando e innovando, y se puedan capacitar mejor, de esta forma, a nuestros profesionales.</p>
<p style="text-align: justify;">Esta política de calidad será el marco de referencia para establecer y revisar los objetivos de calidad de nuestra Asociación; por ello debe ser comunicada a todas los grupos de interés y revisada continuamente para comprobar que su adecuación es óptima.</p>
<p style="text-align: justify;">Se asegurará el establecimiento de los objetivos de calidad, se revisará el sistema periódicamente y, de hecho, nos comprometemos a asegurar la disponibilidad de recursos. Nuestra Asociación se compromete al cumplimiento tanto de la legislación vigente, de obligado cumplimiento, como de la que pueda ser aprobada en un futuro.</p>
<p style="text-align: justify;">La Asociación Autismo Málaga sabe que para llegar a dicho nivel de calidad será necesario la eficacia de todos los grupos de interés así como la eficiencia de los recursos. Debemos ser una Entidad transparente y coherente, garantizando el acceso a la información y manteniendo una conducta correcta en base a los principios marcados por la Asociación.</p>
<p style="text-align: justify;">Nuestra Organización dispondrá de un grupo de profesionales que destaquen por su responsabilidad, formación y trabajo en equipo, para lo cual será necesario un plan de formación continua para el mejor desempeño de las labores propias de sus puestos de trabajo, así como facilitar la comunicación e implicación de los profesionales de la propia Entidad y con los de otras Entidades siguiendo las directrices marcadas por la Junta Directiva.</p>
<p>[/et_pb_text][/et_pb_column][/et_pb_row][/et_pb_section]</p>

<p>[et_pb_section background_color=»#9c53ad» inner_shadow=»off» parallax=»off»][et_pb_row][et_pb_column type=»4_4&#8243;][et_pb_text admin_label=»Text» background_layout=»light» text_orientation=»left»] Política de calidad [/et_pb_text][/et_pb_column][/et_pb_row][/et_pb_section][et_pb_section][et_pb_row][et_pb_column type=»4_4&#8243;][et_pb_text admin_label=»Text» background_layout=»light» text_orientation=»left»] La Asociación de Padres de Niños y Adultos Autistas de Málaga “Autismo Málaga” aspira [&hellip;]</p>
