{"id":85,"date":"2014-03-03T10:09:26","date_gmt":"2014-03-03T10:09:26","guid":{"rendered":"http:\/\/www.autismomalaga.org\/wordpress\/?page_id=85"},"modified":"2025-03-27T18:36:43","modified_gmt":"2025-03-27T17:36:43","slug":"descripcion","status":"publish","type":"page","link":"https:\/\/www.autismomalaga.org\/web\/?page_id=85","title":{"rendered":"\u00bfQue es el autismo?"},"content":{"rendered":"\n<p>&nbsp;<\/p>\n<p>El trastorno del espectro del autismo (TEA) es una condici\u00f3n de origen neurobiol\u00f3gico que afecta a la configuraci\u00f3n del sistema nervioso y al funcionamiento cerebral.<\/p>\n<p>Acompa\u00f1a a la persona a lo largo de su vida y afecta, fundamentalmente, a dos \u00e1reas del funcionamiento personal:<\/p>\n<ul>\n<li>La comunicaci\u00f3n e interacci\u00f3n social<\/li>\n<li>La flexibilidad de pensamiento y del comportamiento<\/li>\n<\/ul>\n<figure class=\"wp-block-image size-full\"><img decoding=\"async\" style=\"border-radius: 15px;\" src=\"https:\/\/www.autismomalaga.org\/web\/wp-content\/uploads\/2025\/03\/Captura-de-pantalla-2025-03-27-040814.png\" alt=\"Ni\u00f1o jugando con bloques y un \u00e1baco\"><\/figure>\n\n\n\n<hr style=\"margin-bottom: 20px; margin-top: 20px; padding: 0 20px;\">\n\n\n\n<h3>Caracter\u00edsticas<\/h3>\n<table style=\"width: 100%; border-collapse: collapse; margin: 0 auto;\">\n<tbody>\n<tr>\n<td style=\"font-weight: bold; padding: 10px; border: 1px solid #ccc;\">Especificidad<\/td>\n<td style=\"padding: 10px; border: 1px solid #ccc;\">Las caracter\u00edsticas nucleares del TEA son espec\u00edficas, aunque a veces aparecen asociadas a otras condiciones como la discapacidad intelectual, trastornos del lenguaje o problemas de salud mental. Sus conductas sociales son diferentes seg\u00fan el nivel cognitivo.<\/td>\n<\/tr>\n<tr>\n<td style=\"font-weight: bold; padding: 10px; border: 1px solid #ccc;\">Discapacidad Invisible<\/td>\n<td style=\"padding: 10px; border: 1px solid #ccc;\">El TEA no lleva asociado ning\u00fan rasgo f\u00edsico y diferenciador. S\u00f3lo se manifiesta a nivel de las competencias cognitivas de la persona y del comportamiento.<\/td>\n<\/tr>\n<tr>\n<td style=\"font-weight: bold; padding: 10px; border: 1px solid #ccc;\">Ciclo de vida<\/td>\n<td style=\"padding: 10px; border: 1px solid #ccc;\">El TEA acompa\u00f1a a la persona a lo largo de toda la vida, aunque sus manifestaciones pueden variar en funci\u00f3n de la etapa vital, de las experiencias y de los apoyos con los que cuentan las personas.<\/td>\n<\/tr>\n<tr>\n<td style=\"font-weight: bold; padding: 10px; border: 1px solid #ccc;\">Familias y Prevalencia<\/td>\n<td style=\"padding: 10px; border: 1px solid #ccc;\">El trastorno del Espectro del autismo se presenta en 1 de cada 100 nacimientos. El TEA impacta no solo en la persona, sino tambi\u00e9n en su entorno familiar y social.<\/td>\n<\/tr>\n<tr>\n<td style=\"font-weight: bold; padding: 10px; border: 1px solid #ccc;\">Variabilidad<\/td>\n<td style=\"padding: 10px; border: 1px solid #ccc;\">Es un grupo muy heterog\u00e9neo, no hay dos personas con TEA que sean iguales, cada una manifiesta su condici\u00f3n de forma diferente.<\/td>\n<\/tr>\n<tr>\n<td style=\"font-weight: bold; padding: 10px; border: 1px solid #ccc;\">Causas y Origen<\/td>\n<td style=\"padding: 10px; border: 1px solid #ccc;\">El TEA es una condici\u00f3n gen\u00e9tica, aunque no se ha descubierto un \u00fanico gen, es el resultado de m\u00faltiples mutaciones en interacci\u00f3n con el ambiente.<\/td>\n<\/tr>\n<\/tbody>\n<\/table>\n\n\n\n<hr style=\"margin-bottom: 20px; margin-top: 20px; padding: 0 20px;\">\n\n\n\n<h2>SOBRE EL AUTISMO<\/h2>\n<h3>Cifras<\/h3>\n<figure class=\"wp-block-image size-full\"><a href=\"https:\/\/www.autismomalaga.org\/web\/wp-content\/uploads\/2025\/03\/Captura-de-pantalla-2025-03-27-042858-1.png\"> <img loading=\"lazy\" decoding=\"async\" width=\"534\" height=\"805\" class=\"wp-image-24572 aligncenter\" src=\"https:\/\/www.autismomalaga.org\/web\/wp-content\/uploads\/2025\/03\/Captura-de-pantalla-2025-03-27-042858-1.png\" alt=\"\" srcset=\"https:\/\/www.autismomalaga.org\/web\/wp-content\/uploads\/2025\/03\/Captura-de-pantalla-2025-03-27-042858-1.png 534w, https:\/\/www.autismomalaga.org\/web\/wp-content\/uploads\/2025\/03\/Captura-de-pantalla-2025-03-27-042858-1-199x300.png 199w\" sizes=\"auto, (max-width: 534px) 100vw, 534px\" \/> <\/a><\/figure>\n<p>M\u00e1s de 450,000 personas autistasM\u00e1s de 4,500 beb\u00e9s nacen con TEA cada a\u00f1o.Si tenemos en cuenta a sus familiares directos, hay m\u00e1s de 1,500,000 personas vinculadas al TEA.<\/p>\n\n\n\n<hr style=\"margin-bottom: 20px; margin-top: 20px; padding: 0 20px;\">\n\n\n\n<h3>M\u00c1S INFORMACI\u00d3N<\/h3>\n<h4>Criterios diagn\u00f3sticos<\/h4>\n<div style=\"padding: 20px; border: 1px solid #ccc; border-radius: 8px; background-color: #f5f5f5;\">\n<h4>Dificultades en la comunicaci\u00f3n<\/h4>\n<p>Las personas con TEA pueden tener dificultades en las habilidades de comunicaci\u00f3n verbal y no verbal (para comprender a los dem\u00e1s y tambi\u00e9n para expresarse).<\/p>\n<a href=\"#\">SABER M\u00c1S<\/a><\/div>\n<div style=\"padding: 20px; border: 1px solid #ccc; border-radius: 8px; background-color: #f5f5f5;\">\n<h4>Dificultades en la flexibilidad social<\/h4>\n<p>Se refiere a las dificultades que pueden presentar las personas con TEA para responder de manera flexible a las demandas de los diferentes contextos sociales.<\/p>\n<a href=\"#\">SABER M\u00c1S<\/a><\/div>\n<p>&nbsp;<\/p>\n\n\n\n<figure class=\"wp-block-image size-large is-resized\"><a href=\"https:\/\/www.autismomalaga.org\/web\/wp-content\/uploads\/2025\/03\/LOGO-AUTISMO-MALAGA-20.png\"><img loading=\"lazy\" decoding=\"async\" width=\"1024\" height=\"923\" src=\"https:\/\/www.autismomalaga.org\/web\/wp-content\/uploads\/2025\/03\/LOGO-AUTISMO-MALAGA-20-1024x923.png\" alt=\"\" class=\"wp-image-24920\" style=\"width:87px;height:auto\" srcset=\"https:\/\/www.autismomalaga.org\/web\/wp-content\/uploads\/2025\/03\/LOGO-AUTISMO-MALAGA-20-1024x923.png 1024w, https:\/\/www.autismomalaga.org\/web\/wp-content\/uploads\/2025\/03\/LOGO-AUTISMO-MALAGA-20-300x271.png 300w, https:\/\/www.autismomalaga.org\/web\/wp-content\/uploads\/2025\/03\/LOGO-AUTISMO-MALAGA-20-768x692.png 768w, https:\/\/www.autismomalaga.org\/web\/wp-content\/uploads\/2025\/03\/LOGO-AUTISMO-MALAGA-20.png 1373w\" sizes=\"auto, (max-width: 1024px) 100vw, 1024px\" \/><\/a><\/figure>\n\n\n\n<div style=\"display: flex; align-items: center; justify-content: space-between; width: 100%; padding: 20px; box-sizing: border-box;\">\n<div style=\"flex: 1 1 0%; margin: 0px 20px; text-align: center;\">\n<p style=\"margin: 0px; font-size: 16px; text-align: left;\">Mejoramos la calidad de vida de las personas con<\/p>\n<p style=\"margin: 0px; font-size: 16px; text-align: left;\">Trastorno del Espectro del Autismo.<\/p>\n<\/div>\n<div style=\"flex: 1 1 0%; margin: 0px 14px; text-align: left;\">\n<p><strong>Centro Pinares<\/strong><br>Avda. Hern\u00e1n N\u00fa\u00f1ez de Toledo n\u00b01<br>CP: 29017. M\u00e1laga<br>TIf. 952 296 404<br>direccioncentropinares@gmail.com<\/p>\n<\/div>\n<div style=\"flex: 1; margin: 0 16px;\">\n<p style=\"text-align: left;\"><strong>Centro Quinta Alegre<\/strong><br>C\/ Juan Franc\u00e9s Bosca n\u00b011<br>CP: 29010, M\u00e1laga<br>TIf. 952 285 954<br>sedesocialautismomalaga@gmail.com<\/p>\n<\/div>\n<\/div>\n<p style=\"padding: 20px;\">Copyright \u00a9 2024 Autismo M\u00e1laga.<\/p>\n<p>&nbsp;<\/p>\n","protected":false},"excerpt":{"rendered":"<p>&nbsp; El trastorno del espectro del autismo (TEA) es una condici\u00f3n de origen neurobiol\u00f3gico que afecta a la configuraci\u00f3n del sistema nervioso y al funcionamiento cerebral. Acompa\u00f1a a la persona [&hellip;]<\/p>\n","protected":false},"author":1,"featured_media":0,"parent":27,"menu_order":0,"comment_status":"open","ping_status":"open","template":"","meta":{"give_campaign_id":0,"ngg_post_thumbnail":0,"_EventAllDay":false,"_EventTimezone":"","_EventStartDate":"","_EventEndDate":"","_EventStartDateUTC":"","_EventEndDateUTC":"","_EventShowMap":false,"_EventShowMapLink":false,"_EventURL":"","_EventCost":"","_EventCostDescription":"","_EventCurrencySymbol":"","_EventCurrencyCode":"","_EventCurrencyPosition":"","_EventDateTimeSeparator":"","_EventTimeRangeSeparator":"","_EventOrganizerID":[],"_EventVenueID":[],"_OrganizerEmail":"","_OrganizerPhone":"","_OrganizerWebsite":"","_VenueAddress":"","_VenueCity":"","_VenueCountry":"","_VenueProvince":"","_VenueState":"","_VenueZip":"","_VenuePhone":"","_VenueURL":"","_VenueStateProvince":"","_VenueLat":"","_VenueLng":"","_VenueShowMap":false,"_VenueShowMapLink":false,"footnotes":""},"class_list":["post-85","page","type-page","status-publish","hentry"],"campaignId":"","jetpack_sharing_enabled":true,"_links":{"self":[{"href":"https:\/\/www.autismomalaga.org\/web\/index.php?rest_route=\/wp\/v2\/pages\/85","targetHints":{"allow":["GET"]}}],"collection":[{"href":"https:\/\/www.autismomalaga.org\/web\/index.php?rest_route=\/wp\/v2\/pages"}],"about":[{"href":"https:\/\/www.autismomalaga.org\/web\/index.php?rest_route=\/wp\/v2\/types\/page"}],"author":[{"embeddable":true,"href":"https:\/\/www.autismomalaga.org\/web\/index.php?rest_route=\/wp\/v2\/users\/1"}],"replies":[{"embeddable":true,"href":"https:\/\/www.autismomalaga.org\/web\/index.php?rest_route=%2Fwp%2Fv2%2Fcomments&post=85"}],"version-history":[{"count":49,"href":"https:\/\/www.autismomalaga.org\/web\/index.php?rest_route=\/wp\/v2\/pages\/85\/revisions"}],"predecessor-version":[{"id":24922,"href":"https:\/\/www.autismomalaga.org\/web\/index.php?rest_route=\/wp\/v2\/pages\/85\/revisions\/24922"}],"up":[{"embeddable":true,"href":"https:\/\/www.autismomalaga.org\/web\/index.php?rest_route=\/wp\/v2\/pages\/27"}],"wp:attachment":[{"href":"https:\/\/www.autismomalaga.org\/web\/index.php?rest_route=%2Fwp%2Fv2%2Fmedia&parent=85"}],"curies":[{"name":"wp","href":"https:\/\/api.w.org\/{rel}","templated":true}]}}