{"id":87,"date":"2014-03-03T10:11:46","date_gmt":"2014-03-03T10:11:46","guid":{"rendered":"http:\/\/www.autismomalaga.org\/wordpress\/?page_id=87"},"modified":"2025-03-27T04:10:28","modified_gmt":"2025-03-27T03:10:28","slug":"tipo-de-trastornos","status":"publish","type":"page","link":"https:\/\/www.autismomalaga.org\/web\/?page_id=87","title":{"rendered":"Caracter\u00edsticas"},"content":{"rendered":"\n<et_pb_section background_color=\"#FFFFFF\" inner_shadow=\"off\" parallax=\"off\">\n    <et_pb_row>\n        <et_pb_column type=\"4_4\">\n            <et_pb_text admin_label=\"Title\" background_layout=\"light\" text_orientation=\"center\">\n                \u00bfQu\u00e9 es el autismo?\n            <\/et_pb_text>\n        <\/et_pb_column>\n    <\/et_pb_row>\n\n    <et_pb_row>\n        <et_pb_column type=\"1_2\">\n            <et_pb_text admin_label=\"Description\" background_layout=\"light\">\n                El trastorno del espectro del autismo (TEA) es una condici\u00f3n de origen neurobiol\u00f3gico que afecta a la configuraci\u00f3n del sistema nervioso y al funcionamiento cerebral.\n                <br><br>\n                Acompa\u00f1a a la persona a lo largo de su vida y afecta, fundamentalmente, a dos \u00e1reas del funcionamiento personal:\n                <br><br>\n                La comunicaci\u00f3n e interacci\u00f3n social.\n                <br>\n                La flexibilidad de pensamiento y del comportamiento.\n            <\/et_pb_text>\n        <\/et_pb_column>\n\n        <et_pb_column type=\"1_2\">\n            <et_pb_image src=\"https:\/\/www.autismomalaga.org\/web\/wp-content\/uploads\/2025\/03\/Captura-de-pantalla-2025-03-27-040814.png\" alt=\"Imagen representativa del autismo\" title_text=\"Autismo\" \/>\n        <\/et_pb_column>\n    <\/et_pb_row>\n<\/et_pb_section>\n\n\n\n<p>&nbsp;<\/p>\n<h1 style=\"text-align: center;\"><span style=\"font-size: x-large; color: #00ffff;\"><strong>Caracter\u00edsticas<\/strong><\/span><\/h1>\n<p>[\/et_pb_text][\/et_pb_column][\/et_pb_row][\/et_pb_section][et_pb_section fullwidth=\u00bboff\u00bb][et_pb_row][et_pb_column type=\u00bb4_4&#8243;][et_pb_text admin_label=\u00bbText\u00bb background_layout=\u00bblight\u00bb text_orientation=\u00bbleft\u00bb]<\/p>\n<h4><span style=\"color: #00ffff;\"><strong>Especificidad<\/strong><\/span><\/h4>\n<p style=\"text-align: justify;\">Las <span style=\"color: #333333;\">caracter\u00edsticas<\/span> nucleares del TEA son espec\u00edficas, aunque a veces aparecen asociadas a otras condiciones como la discapacidad intelectual, trastornos del lenguaje o problemas de salud mental. Sus conductas sociales son diferentes seg\u00fan el nivel cognitivo.<\/p>\n<h4><span style=\"color: #00ffff;\"><strong>Discapacidad Invisible<\/strong><\/span><\/h4>\n<p>El TEA no lleva asociado ning\u00fan rasgo f\u00edsico y diferenciador. S\u00f3lo se manifiesta a nivel de las competencias cognitivas de la persona y del comportamiento.<\/p>\n<h4><span style=\"color: #00ffff;\"><strong>Ciclo de vida<\/strong><\/span><\/h4>\n<p>El TEA acompa\u00f1a a la persona a lo largo de toda la vida, aunque sus manifestaciones pueden variar en funci\u00f3n de la etapa vital, de las experiencias y de los apoyos con los que cuentan las personas. Es necesario un abordaje integral orientado a facilitar los apoyos individualizados y especializados basados en la evidencia m\u00e1s adecuado para cada uno.<\/p>\n<h4><span style=\"color: #00ffff;\"><strong>Familias y Prevalencia<\/strong><\/span><\/h4>\n<p>Son el principal apoyo de la persona en el espectro del autismo. El TEA impacta no solo en ella, sino en todas las personas cercanas que la rodean. El trastorno del Espectro del autismo se presenta en 1 de cada 100 nacimientos.<\/p>\n<h4><span style=\"color: #00ffff;\"><strong>Variabilidad<\/strong><\/span><\/h4>\n<p>Es un grupo muy heterog\u00e9neo, no hay dos personas con TEA que sean iguales, cada una manifiesta su condici\u00f3n de forma diferente, con diferentes caracter\u00edsticas, habilidades, necesidades de apoyo, etc.<\/p>\n<h4><span style=\"color: #00ffff;\"><strong>Causas y Origen<\/strong><\/span><\/h4>\n<p>El TEA es una condici\u00f3n gen\u00e9tica, aunque hasta el momento no se ha descubierto un \u00fanico gen directamente vinculado con el autismo, sino que es el resultado de m\u00faltiples mutaciones en interacci\u00f3n con el ambiente. La ciencia considera que m\u00e1s de cien posibles genes distintos pueden estar implicados en el TEA, y los factores ambientales contribuyen al desarrollo y evoluci\u00f3n de la condici\u00f3n.<\/p>\n<p>[\/et_pb_text][\/et_pb_column][\/et_pb_row][\/et_pb_section]<\/p>\n\n\n<p><\/p>\n","protected":false},"excerpt":{"rendered":"<p>\u00bfQu\u00e9 es el autismo? El trastorno del espectro del autismo (TEA) es una condici\u00f3n de origen neurobiol\u00f3gico que afecta a la configuraci\u00f3n del sistema nervioso y al funcionamiento cerebral. Acompa\u00f1a [&hellip;]<\/p>\n","protected":false},"author":1,"featured_media":0,"parent":27,"menu_order":0,"comment_status":"open","ping_status":"open","template":"","meta":{"give_campaign_id":0,"ngg_post_thumbnail":0,"_EventAllDay":false,"_EventTimezone":"","_EventStartDate":"","_EventEndDate":"","_EventStartDateUTC":"","_EventEndDateUTC":"","_EventShowMap":false,"_EventShowMapLink":false,"_EventURL":"","_EventCost":"","_EventCostDescription":"","_EventCurrencySymbol":"","_EventCurrencyCode":"","_EventCurrencyPosition":"","_EventDateTimeSeparator":"","_EventTimeRangeSeparator":"","_EventOrganizerID":[],"_EventVenueID":[],"_OrganizerEmail":"","_OrganizerPhone":"","_OrganizerWebsite":"","_VenueAddress":"","_VenueCity":"","_VenueCountry":"","_VenueProvince":"","_VenueState":"","_VenueZip":"","_VenuePhone":"","_VenueURL":"","_VenueStateProvince":"","_VenueLat":"","_VenueLng":"","_VenueShowMap":false,"_VenueShowMapLink":false,"footnotes":""},"class_list":["post-87","page","type-page","status-publish","hentry"],"campaignId":"","jetpack_sharing_enabled":true,"_links":{"self":[{"href":"https:\/\/www.autismomalaga.org\/web\/index.php?rest_route=\/wp\/v2\/pages\/87","targetHints":{"allow":["GET"]}}],"collection":[{"href":"https:\/\/www.autismomalaga.org\/web\/index.php?rest_route=\/wp\/v2\/pages"}],"about":[{"href":"https:\/\/www.autismomalaga.org\/web\/index.php?rest_route=\/wp\/v2\/types\/page"}],"author":[{"embeddable":true,"href":"https:\/\/www.autismomalaga.org\/web\/index.php?rest_route=\/wp\/v2\/users\/1"}],"replies":[{"embeddable":true,"href":"https:\/\/www.autismomalaga.org\/web\/index.php?rest_route=%2Fwp%2Fv2%2Fcomments&post=87"}],"version-history":[{"count":16,"href":"https:\/\/www.autismomalaga.org\/web\/index.php?rest_route=\/wp\/v2\/pages\/87\/revisions"}],"predecessor-version":[{"id":24558,"href":"https:\/\/www.autismomalaga.org\/web\/index.php?rest_route=\/wp\/v2\/pages\/87\/revisions\/24558"}],"up":[{"embeddable":true,"href":"https:\/\/www.autismomalaga.org\/web\/index.php?rest_route=\/wp\/v2\/pages\/27"}],"wp:attachment":[{"href":"https:\/\/www.autismomalaga.org\/web\/index.php?rest_route=%2Fwp%2Fv2%2Fmedia&parent=87"}],"curies":[{"name":"wp","href":"https:\/\/api.w.org\/{rel}","templated":true}]}}