{"id":877,"date":"2014-03-21T10:01:53","date_gmt":"2014-03-21T10:01:53","guid":{"rendered":"http:\/\/www.autismomalaga.org\/wordpress\/?page_id=877"},"modified":"2025-03-27T18:38:46","modified_gmt":"2025-03-27T17:38:46","slug":"galas-autismo","status":"publish","type":"page","link":"https:\/\/www.autismomalaga.org\/web\/?page_id=877","title":{"rendered":"DONANOS"},"content":{"rendered":"\n<p>&nbsp;<\/p>\n\n\n\n<p>&nbsp;<\/p>\n\n\n\n<div class=\"wp-block-cover\" style=\"border-radius:50px;min-height:100vh;aspect-ratio:unset;\"><span aria-hidden=\"true\" class=\"wp-block-cover__background has-background-dim\"><\/span><img loading=\"lazy\" decoding=\"async\" width=\"1024\" height=\"1024\" class=\"wp-block-cover__image-background wp-image-24868\" alt=\"\" src=\"https:\/\/www.autismomalaga.org\/web\/wp-content\/uploads\/2025\/03\/bizum-3578486-1-1024x1024.webp\" data-object-fit=\"cover\" srcset=\"https:\/\/www.autismomalaga.org\/web\/wp-content\/uploads\/2025\/03\/bizum-3578486-1-1024x1024.webp 1024w, https:\/\/www.autismomalaga.org\/web\/wp-content\/uploads\/2025\/03\/bizum-3578486-1-300x300.webp 300w, https:\/\/www.autismomalaga.org\/web\/wp-content\/uploads\/2025\/03\/bizum-3578486-1-150x150.webp 150w, https:\/\/www.autismomalaga.org\/web\/wp-content\/uploads\/2025\/03\/bizum-3578486-1-768x768.webp 768w, https:\/\/www.autismomalaga.org\/web\/wp-content\/uploads\/2025\/03\/bizum-3578486-1.webp 1200w\" sizes=\"auto, (max-width: 1024px) 100vw, 1024px\" \/><div class=\"wp-block-cover__inner-container is-layout-flow wp-block-cover-is-layout-flow\">\n<div class=\"wp-block-buttons is-content-justification-right is-layout-flex wp-container-core-buttons-is-layout-a6d96f85 wp-block-buttons-is-layout-flex\">\n<div class=\"wp-block-button\"><a class=\"wp-block-button__link wp-element-button\">DONANOS A TRAV\u00c9S DE BIZUM<\/a><\/div>\n<\/div>\n\n\n\n<div class=\"wp-block-columns is-layout-flex wp-container-core-columns-is-layout-28f84493 wp-block-columns-is-layout-flex\">\n<div class=\"wp-block-column is-layout-flow wp-block-column-is-layout-flow\" style=\"flex-basis:100%\"><\/div>\n<\/div>\n\n\n\n<div class=\"wp-block-buttons is-content-justification-right is-layout-flex wp-container-core-buttons-is-layout-a6d96f85 wp-block-buttons-is-layout-flex\">\n<div class=\"wp-block-button\"><a class=\"wp-block-button__link wp-element-button\">C\u00f3digo: 01811<\/a><\/div>\n<\/div>\n\n\n\n<div class=\"wp-block-buttons is-layout-flex wp-block-buttons-is-layout-flex\"><\/div>\n\n\n\n<figure class=\"wp-block-image alignright size-large is-resized\"><a href=\"https:\/\/www.autismomalaga.org\/web\/wp-content\/uploads\/2025\/03\/LOGO-AUTISMO-MALAGA-18.png\"><img loading=\"lazy\" decoding=\"async\" width=\"1024\" height=\"923\" src=\"https:\/\/www.autismomalaga.org\/web\/wp-content\/uploads\/2025\/03\/LOGO-AUTISMO-MALAGA-18-1024x923.png\" alt=\"\" class=\"wp-image-24874\" style=\"width:133px;height:auto\" srcset=\"https:\/\/www.autismomalaga.org\/web\/wp-content\/uploads\/2025\/03\/LOGO-AUTISMO-MALAGA-18-1024x923.png 1024w, https:\/\/www.autismomalaga.org\/web\/wp-content\/uploads\/2025\/03\/LOGO-AUTISMO-MALAGA-18-300x271.png 300w, https:\/\/www.autismomalaga.org\/web\/wp-content\/uploads\/2025\/03\/LOGO-AUTISMO-MALAGA-18-768x692.png 768w, https:\/\/www.autismomalaga.org\/web\/wp-content\/uploads\/2025\/03\/LOGO-AUTISMO-MALAGA-18.png 1373w\" sizes=\"auto, (max-width: 1024px) 100vw, 1024px\" \/><\/a><\/figure>\n<\/div><\/div>\n\n\n\n<figure class=\"wp-block-image size-large is-resized\"><a href=\"https:\/\/www.autismomalaga.org\/web\/wp-content\/uploads\/2025\/03\/LOGO-AUTISMO-MALAGA-21.png\"><img loading=\"lazy\" decoding=\"async\" width=\"1024\" height=\"923\" src=\"https:\/\/www.autismomalaga.org\/web\/wp-content\/uploads\/2025\/03\/LOGO-AUTISMO-MALAGA-21-1024x923.png\" alt=\"\" class=\"wp-image-24923\" style=\"width:111px;height:auto\" srcset=\"https:\/\/www.autismomalaga.org\/web\/wp-content\/uploads\/2025\/03\/LOGO-AUTISMO-MALAGA-21-1024x923.png 1024w, https:\/\/www.autismomalaga.org\/web\/wp-content\/uploads\/2025\/03\/LOGO-AUTISMO-MALAGA-21-300x271.png 300w, https:\/\/www.autismomalaga.org\/web\/wp-content\/uploads\/2025\/03\/LOGO-AUTISMO-MALAGA-21-768x692.png 768w, https:\/\/www.autismomalaga.org\/web\/wp-content\/uploads\/2025\/03\/LOGO-AUTISMO-MALAGA-21.png 1373w\" sizes=\"auto, (max-width: 1024px) 100vw, 1024px\" \/><\/a><\/figure>\n\n\n\n<div style=\"display: flex; align-items: center; justify-content: space-between; width: 100%; padding: 20px; box-sizing: border-box;\">\n<div style=\"flex: 1; margin: 0 32px;\">\n<p style=\"margin: 12; font-size: 16px;\">Mejoramos la calidad de vida de las personas con Trastorno del Espectro del Autismo.<\/p>\n<\/div>\n<div style=\"flex: 1; margin: 0 14px;\">\n<p><strong>Centro Pinares<\/strong><br>Avda. Hern\u00e1n N\u00fa\u00f1ez de Toledo n\u00b01<br>CP: 29017. M\u00e1laga<br>TIf. 952 296 404<br>direccioncentropinares@gmail.com<\/p>\n<\/div>\n<div style=\"flex: 1; margin: 0 14px;\">\n<p><strong>Centro Quinta Alegre<\/strong><br>C\/ Juan Franc\u00e9s Bosca n\u00b011<br>CP: 29010, M\u00e1laga<br>TIf. 952 285 954<br>sedesocialautismomalaga@gmail.com<\/p>\n<\/div>\n<\/div>\n<p style=\"padding: 20px;\">Copyright \u00a9 2024 Autismo M\u00e1laga.<\/p>\n","protected":false},"excerpt":{"rendered":"<p>&nbsp; &nbsp; Mejoramos la calidad de vida de las personas con Trastorno del Espectro del Autismo. Centro PinaresAvda. Hern\u00e1n N\u00fa\u00f1ez de Toledo n\u00b01CP: 29017. M\u00e1lagaTIf. 952 296 404direccioncentropinares@gmail.com Centro Quinta [&hellip;]<\/p>\n","protected":false},"author":1,"featured_media":0,"parent":0,"menu_order":0,"comment_status":"open","ping_status":"open","template":"","meta":{"give_campaign_id":0,"ngg_post_thumbnail":0,"_EventAllDay":false,"_EventTimezone":"","_EventStartDate":"","_EventEndDate":"","_EventStartDateUTC":"","_EventEndDateUTC":"","_EventShowMap":false,"_EventShowMapLink":false,"_EventURL":"","_EventCost":"","_EventCostDescription":"","_EventCurrencySymbol":"","_EventCurrencyCode":"","_EventCurrencyPosition":"","_EventDateTimeSeparator":"","_EventTimeRangeSeparator":"","_EventOrganizerID":[],"_EventVenueID":[],"_OrganizerEmail":"","_OrganizerPhone":"","_OrganizerWebsite":"","_VenueAddress":"","_VenueCity":"","_VenueCountry":"","_VenueProvince":"","_VenueState":"","_VenueZip":"","_VenuePhone":"","_VenueURL":"","_VenueStateProvince":"","_VenueLat":"","_VenueLng":"","_VenueShowMap":false,"_VenueShowMapLink":false,"footnotes":""},"class_list":["post-877","page","type-page","status-publish","hentry"],"campaignId":"","jetpack_sharing_enabled":true,"_links":{"self":[{"href":"https:\/\/www.autismomalaga.org\/web\/index.php?rest_route=\/wp\/v2\/pages\/877","targetHints":{"allow":["GET"]}}],"collection":[{"href":"https:\/\/www.autismomalaga.org\/web\/index.php?rest_route=\/wp\/v2\/pages"}],"about":[{"href":"https:\/\/www.autismomalaga.org\/web\/index.php?rest_route=\/wp\/v2\/types\/page"}],"author":[{"embeddable":true,"href":"https:\/\/www.autismomalaga.org\/web\/index.php?rest_route=\/wp\/v2\/users\/1"}],"replies":[{"embeddable":true,"href":"https:\/\/www.autismomalaga.org\/web\/index.php?rest_route=%2Fwp%2Fv2%2Fcomments&post=877"}],"version-history":[{"count":30,"href":"https:\/\/www.autismomalaga.org\/web\/index.php?rest_route=\/wp\/v2\/pages\/877\/revisions"}],"predecessor-version":[{"id":24925,"href":"https:\/\/www.autismomalaga.org\/web\/index.php?rest_route=\/wp\/v2\/pages\/877\/revisions\/24925"}],"wp:attachment":[{"href":"https:\/\/www.autismomalaga.org\/web\/index.php?rest_route=%2Fwp%2Fv2%2Fmedia&parent=877"}],"curies":[{"name":"wp","href":"https:\/\/api.w.org\/{rel}","templated":true}]}}

<p>&nbsp;</p>



<p>&nbsp;</p>



<div class="wp-block-cover" style="border-radius:50px;min-height:100vh;aspect-ratio:unset;"><span aria-hidden="true" class="wp-block-cover__background has-background-dim"></span><img loading="lazy" decoding="async" width="1024" height="1024" class="wp-block-cover__image-background wp-image-24868" alt="" src="https://www.autismomalaga.org/web/wp-content/uploads/2025/03/bizum-3578486-1-1024x1024.webp" data-object-fit="cover" srcset="https://www.autismomalaga.org/web/wp-content/uploads/2025/03/bizum-3578486-1-1024x1024.webp 1024w, https://www.autismomalaga.org/web/wp-content/uploads/2025/03/bizum-3578486-1-300x300.webp 300w, https://www.autismomalaga.org/web/wp-content/uploads/2025/03/bizum-3578486-1-150x150.webp 150w, https://www.autismomalaga.org/web/wp-content/uploads/2025/03/bizum-3578486-1-768x768.webp 768w, https://www.autismomalaga.org/web/wp-content/uploads/2025/03/bizum-3578486-1.webp 1200w" sizes="auto, (max-width: 1024px) 100vw, 1024px" /><div class="wp-block-cover__inner-container is-layout-flow wp-block-cover-is-layout-flow">
<div class="wp-block-buttons is-content-justification-right is-layout-flex wp-container-core-buttons-is-layout-a6d96f85 wp-block-buttons-is-layout-flex">
<div class="wp-block-button"><a class="wp-block-button__link wp-element-button">DONANOS A TRAVÉS DE BIZUM</a></div>
</div>



<div class="wp-block-columns is-layout-flex wp-container-core-columns-is-layout-28f84493 wp-block-columns-is-layout-flex">
<div class="wp-block-column is-layout-flow wp-block-column-is-layout-flow" style="flex-basis:100%"></div>
</div>



<div class="wp-block-buttons is-content-justification-right is-layout-flex wp-container-core-buttons-is-layout-a6d96f85 wp-block-buttons-is-layout-flex">
<div class="wp-block-button"><a class="wp-block-button__link wp-element-button">Código: 01811</a></div>
</div>



<div class="wp-block-buttons is-layout-flex wp-block-buttons-is-layout-flex"></div>



<figure class="wp-block-image alignright size-large is-resized"><a href="https://www.autismomalaga.org/web/wp-content/uploads/2025/03/LOGO-AUTISMO-MALAGA-18.png"><img loading="lazy" decoding="async" width="1024" height="923" src="https://www.autismomalaga.org/web/wp-content/uploads/2025/03/LOGO-AUTISMO-MALAGA-18-1024x923.png" alt="" class="wp-image-24874" style="width:133px;height:auto" srcset="https://www.autismomalaga.org/web/wp-content/uploads/2025/03/LOGO-AUTISMO-MALAGA-18-1024x923.png 1024w, https://www.autismomalaga.org/web/wp-content/uploads/2025/03/LOGO-AUTISMO-MALAGA-18-300x271.png 300w, https://www.autismomalaga.org/web/wp-content/uploads/2025/03/LOGO-AUTISMO-MALAGA-18-768x692.png 768w, https://www.autismomalaga.org/web/wp-content/uploads/2025/03/LOGO-AUTISMO-MALAGA-18.png 1373w" sizes="auto, (max-width: 1024px) 100vw, 1024px" /></a></figure>
</div></div>



<figure class="wp-block-image size-large is-resized"><a href="https://www.autismomalaga.org/web/wp-content/uploads/2025/03/LOGO-AUTISMO-MALAGA-21.png"><img loading="lazy" decoding="async" width="1024" height="923" src="https://www.autismomalaga.org/web/wp-content/uploads/2025/03/LOGO-AUTISMO-MALAGA-21-1024x923.png" alt="" class="wp-image-24923" style="width:111px;height:auto" srcset="https://www.autismomalaga.org/web/wp-content/uploads/2025/03/LOGO-AUTISMO-MALAGA-21-1024x923.png 1024w, https://www.autismomalaga.org/web/wp-content/uploads/2025/03/LOGO-AUTISMO-MALAGA-21-300x271.png 300w, https://www.autismomalaga.org/web/wp-content/uploads/2025/03/LOGO-AUTISMO-MALAGA-21-768x692.png 768w, https://www.autismomalaga.org/web/wp-content/uploads/2025/03/LOGO-AUTISMO-MALAGA-21.png 1373w" sizes="auto, (max-width: 1024px) 100vw, 1024px" /></a></figure>



<div style="display: flex; align-items: center; justify-content: space-between; width: 100%; padding: 20px; box-sizing: border-box;">
<div style="flex: 1; margin: 0 32px;">
<p style="margin: 12; font-size: 16px;">Mejoramos la calidad de vida de las personas con Trastorno del Espectro del Autismo.</p>
</div>
<div style="flex: 1; margin: 0 14px;">
<p><strong>Centro Pinares</strong><br>Avda. Hernán Núñez de Toledo n°1<br>CP: 29017. Málaga<br>TIf. 952 296 404<br>direccioncentropinares@gmail.com</p>
</div>
<div style="flex: 1; margin: 0 14px;">
<p><strong>Centro Quinta Alegre</strong><br>C/ Juan Francés Bosca n°11<br>CP: 29010, Málaga<br>TIf. 952 285 954<br>sedesocialautismomalaga@gmail.com</p>
</div>
</div>
<p style="padding: 20px;">Copyright © 2024 Autismo Málaga.</p>

<p>&nbsp; &nbsp; Mejoramos la calidad de vida de las personas con Trastorno del Espectro del Autismo. Centro PinaresAvda. Hernán Núñez de Toledo n°1CP: 29017. MálagaTIf. 952 296 404direccioncentropinares@gmail.com Centro Quinta [&hellip;]</p>
